000
CDUS43 KOAX 230623
CLIOFK


CLIMATE REPORT
NATIONAL WEATHER SERVICE OMAHA NEBRASKA
122 AM CDT MON APR 23 2018


...................................

...THE NORFOLK, NEBRASKA CLIMATE SUMMARY FOR APRIL 22 2018...

CLIMATE NORMAL PERIOD 1981 TO 2010
CLIMATE RECORD PERIOD 1888 TO 2018


WEATHER ITEM   OBSERVED TIME   RECORD YEAR NORMAL DEPARTURE LAST
                VALUE   (LST)  VALUE       VALUE  FROM      YEAR
                                                  NORMAL
..................................................................
TEMPERATURE (F)
 YESTERDAY
  MAXIMUM         67    445 PM  95    1989  65      2       65
                                      1980
  MINIMUM         31    430 AM  22    1927  40     -9       35
  AVERAGE         49                        52     -3       50

PRECIPITATION (IN)
  YESTERDAY        0.00          1.35 2001   0.10  -0.10     0.00
  MONTH TO DATE    1.00                      1.85  -0.85     1.54
  SINCE MAR 1      2.63                      3.62  -0.99     2.75
  SINCE JAN 1      4.35                      4.97  -0.62     4.99

SNOWFALL (IN)
  YESTERDAY        0.0                       0.0    0.0      0.0
  MONTH TO DATE   10.9                       2.2    8.7       T
  SINCE JUL 1     45.2                      30.1   15.1     30.2
  SNOW DEPTH       0

DEGREE DAYS
 HEATING
  YESTERDAY       16                        13      3       15
  MONTH TO DATE  630                       378    252      294
  SINCE MAR 1   1485                      1234    251     1060
  SINCE JUL 1   6685                      6327    358     5515

 COOLING
  YESTERDAY        0                         1     -1        0
  MONTH TO DATE    0                         4     -4        0
  SINCE MAR 1      0                         4     -4        0
  SINCE JAN 1      0                         4     -4        0
..................................................................


WIND (MPH)
  HIGHEST WIND SPEED    13   HIGHEST WIND DIRECTION     E (90)
  HIGHEST GUST SPEED    19   HIGHEST GUST DIRECTION     E (110)
  AVERAGE WIND SPEED     4.8


SKY COVER
  POSSIBLE SUNSHINE  MM
  AVERAGE SKY COVER 0.1


WEATHER CONDITIONS
 THE FOLLOWING WEATHER WAS RECORDED YESTERDAY.
  NO SIGNIFICANT WEATHER WAS OBSERVED.


RELATIVE HUMIDITY (PERCENT)
 HIGHEST    92           300 AM
 LOWEST     28           200 PM
 AVERAGE    60

..........................................................


THE NORFOLK, NEBRASKA CLIMATE NORMALS FOR TODAY
                         NORMAL    RECORD    YEAR
 MAXIMUM TEMPERATURE (F)   65        91      2009
 MINIMUM TEMPERATURE (F)   40        23      1910


SUNRISE AND SUNSET
APRIL 23 2018.........SUNRISE   637 AM CDT   SUNSET   820 PM CDT
APRIL 24 2018.........SUNRISE   635 AM CDT   SUNSET   821 PM CDT


-  INDICATES NEGATIVE NUMBERS.
R  INDICATES RECORD WAS SET OR TIED.
MM INDICATES DATA IS MISSING.
T  INDICATES TRACE AMOUNT.




$$
