000
CDUS43 KEAX 200633
CLIOJC


CLIMATE REPORT
NATIONAL WEATHER SERVICE KANSAS CITY/PLEASANT HILL MO
132 AM CDT FRI APR 20 2018


...................................

...THE JOHNSON COUNTY EXECUTIVE KS CLIMATE SUMMARY FOR APRIL 19 2018...

CLIMATE NORMAL PERIOD 1981 TO 2010
CLIMATE RECORD PERIOD 9999 TO 9999


WEATHER ITEM   OBSERVED TIME   NORMAL DEPARTURE LAST
                VALUE   (LST)  VALUE  FROM      YEAR
                                      NORMAL
......................................................
TEMPERATURE (F)
 YESTERDAY
  MAXIMUM         58    332 PM  66     -8       78
  MINIMUM         33    627 AM  46    -13       59
  AVERAGE         46            56    -10       69

PRECIPITATION (IN)
  YESTERDAY        0.00          0.14  -0.14     0.00
  MONTH TO DATE    0.35          2.18  -1.83     2.55
  SINCE MAR 1      3.58          4.81  -1.23     4.86
  SINCE JAN 1      4.99          7.50  -2.51     5.78

DEGREE DAYS
 HEATING
  YESTERDAY       19             9     10        0
  MONTH TO DATE  443           230    213      138
  SINCE MAR 1   1088           854    234      655
  SINCE JUL 1   4976          4747    229     3795

 COOLING
  YESTERDAY        0             1     -1        4
  MONTH TO DATE    4            11     -7       17
  SINCE MAR 1      4            12     -8       26
  SINCE JAN 1      4            12     -8       26
......................................................


WIND (MPH)
  HIGHEST WIND SPEED    16   HIGHEST WIND DIRECTION     N (20)
  HIGHEST GUST SPEED    23   HIGHEST GUST DIRECTION     E (70)
  AVERAGE WIND SPEED     7.8


SKY COVER
  AVERAGE SKY COVER 0.2


WEATHER CONDITIONS
 THE FOLLOWING WEATHER WAS RECORDED YESTERDAY.
  NO SIGNIFICANT WEATHER WAS OBSERVED.


RELATIVE HUMIDITY (PERCENT)
 HIGHEST    82           600 AM
 LOWEST     36           400 PM
 AVERAGE    59

..........................................................


THE JOHNSON COUNTY EXECUTIVE KS CLIMATE NORMALS FOR TODAY
                         NORMAL
 MAXIMUM TEMPERATURE (F)   67
 MINIMUM TEMPERATURE (F)   47


SUNRISE AND SUNSET
APRIL 20 2018.........SUNRISE   635 AM CDT   SUNSET   801 PM CDT
APRIL 21 2018.........SUNRISE   634 AM CDT   SUNSET   802 PM CDT


-  INDICATES NEGATIVE NUMBERS.
R  INDICATES RECORD WAS SET OR TIED.
MM INDICATES DATA IS MISSING.
T  INDICATES TRACE AMOUNT.




$$
