040
CDUS43 KOAX 272139
CLIOMA


CLIMATE REPORT
NATIONAL WEATHER SERVICE OMAHA NEBRASKA
438 PM CDT SUN MAY 27 2018


...................................

...THE OMAHA EPPLEY, NEBRASKA CLIMATE SUMMARY FOR MAY 27 2018...
VALID TODAY AS OF 0400 PM LOCAL TIME.

CLIMATE NORMAL PERIOD 1981 TO 2010
CLIMATE RECORD PERIOD 1871 TO 2018


WEATHER ITEM   OBSERVED TIME   RECORD YEAR NORMAL DEPARTURE LAST
                VALUE   (LST)  VALUE       VALUE  FROM      YEAR
                                                  NORMAL
..................................................................
TEMPERATURE (F)
 TODAY
  MAXIMUM        100R   259 PM  94    2012  77     23       72
  MINIMUM         70    246 AM  38    1907  55     15       55
  AVERAGE         85                        66     19       64

PRECIPITATION (IN)
  TODAY            0.00          1.44 1918   0.15  -0.15     0.28
  MONTH TO DATE    1.88                      4.10  -2.22     4.60
  SINCE MAR 1      4.97                      9.05  -4.08     9.41
  SINCE JAN 1      6.71                     10.62  -3.91    11.31

SNOWFALL (IN)
  TODAY            0.0                       0.0    0.0      0.0
  MONTH TO DATE    0.0                       0.1   -0.1       T
  SINCE JUL 1     17.0                      26.5   -9.5     11.4
  SNOW DEPTH       0

DEGREE DAYS
 HEATING
  TODAY            0                         2     -2        1
  MONTH TO DATE   33                       139   -106      127
  SINCE MAR 1   1393                      1343     50     1108
  SINCE JUL 1   6040                      6141   -101     4935

 COOLING
  TODAY           20                         3     17        0
  MONTH TO DATE  154                        50    104       73
  SINCE MAR 1    163                        66     97       81
  SINCE JAN 1    163                        66     97       81
..................................................................


WIND (MPH)
  HIGHEST WIND SPEED    15   HIGHEST WIND DIRECTION    SW (210)
  HIGHEST GUST SPEED    23   HIGHEST GUST DIRECTION     S (200)
  AVERAGE WIND SPEED     5.4


SKY COVER
  POSSIBLE SUNSHINE  MM
  AVERAGE SKY COVER 0.3


WEATHER CONDITIONS
 THE FOLLOWING WEATHER WAS RECORDED TODAY.
  NO SIGNIFICANT WEATHER WAS OBSERVED.


RELATIVE HUMIDITY (PERCENT)
 HIGHEST    79          1200 AM
 LOWEST     24           300 PM
 AVERAGE    52

..........................................................


THE OMAHA EPPLEY, NEBRASKA CLIMATE NORMALS FOR TOMORROW
                         NORMAL    RECORD    YEAR
 MAXIMUM TEMPERATURE (F)   78        97      1895
 MINIMUM TEMPERATURE (F)   55        35      1947


SUNRISE AND SUNSET
MAY 27 2018...........SUNRISE   555 AM CDT   SUNSET   847 PM CDT
MAY 28 2018...........SUNRISE   555 AM CDT   SUNSET   847 PM CDT


-  INDICATES NEGATIVE NUMBERS.
R  INDICATES RECORD WAS SET OR TIED.
MM INDICATES DATA IS MISSING.
T  INDICATES TRACE AMOUNT.




$$
