000
CDUS46 KOTX 240841
CLIOMK


CLIMATE REPORT
NATIONAL WEATHER SERVICE SPOKANE, WA
140 AM PDT THU MAY 24 2018


...................................

...THE OMAK WA AIRPORT CLIMATE SUMMARY FOR MAY 23 2018...

CLIMATE NORMAL PERIOD 1981 TO 2010
CLIMATE RECORD PERIOD 9999 TO 9999


WEATHER ITEM   OBSERVED TIME   RECORD YEAR NORMAL DEPARTURE LAST
                VALUE   (LST)  VALUE       VALUE  FROM      YEAR
                                                  NORMAL
..................................................................
TEMPERATURE (F)
 YESTERDAY
  MAXIMUM         87    523 PM  96    2001  74     13       88
  MINIMUM         53    449 AM  29    1964  47      6       52
  AVERAGE         70                        60     10       70

PRECIPITATION (IN)
  YESTERDAY        0.00                      0.03  -0.03     0.00
  MONTH TO DATE    0.44                      0.91  -0.47     1.45
  SINCE OCT 1     12.38                     11.33   1.05    16.53
  SINCE JAN 1      9.00                      6.44   2.56    10.05

SNOWFALL (IN)
  YESTERDAY       MM

DEGREE DAYS
 HEATING
  YESTERDAY        0                         6     -6        0
  MONTH TO DATE   43                       197   -154      188
  SINCE MAR 1   1247                      1375   -128     1451
  SINCE JUL 1   5968                      6236   -268     6386

 COOLING
  YESTERDAY        5                         1      4        5
  MONTH TO DATE   25                        13     12       13
  SINCE MAR 1     25                        14     11       13
  SINCE JAN 1     25                        14     11       13
..................................................................


WIND (MPH)
  HIGHEST WIND SPEED    14   HIGHEST WIND DIRECTION    SE (130)
  HIGHEST GUST SPEED    19   HIGHEST GUST DIRECTION    SE (130)
  AVERAGE WIND SPEED     5.4


SKY COVER
  POSSIBLE SUNSHINE  MM
  AVERAGE SKY COVER 0.0


WEATHER CONDITIONS
 THE FOLLOWING WEATHER WAS RECORDED YESTERDAY.
  NO SIGNIFICANT WEATHER WAS OBSERVED.


RELATIVE HUMIDITY (PERCENT)
 HIGHEST    93           500 AM
 LOWEST     20           300 PM
 AVERAGE    57

..........................................................


THE OMAK WA AIRPORT CLIMATE NORMALS FOR TODAY
                         NORMAL    RECORD    YEAR
 MAXIMUM TEMPERATURE (F)   74        94      1958
 MINIMUM TEMPERATURE (F)   47        31      2010


SUNRISE AND SUNSET
MAY 24 2018...........SUNRISE   507 AM PDT   SUNSET   843 PM PDT
MAY 25 2018...........SUNRISE   506 AM PDT   SUNSET   844 PM PDT


-  INDICATES NEGATIVE NUMBERS.
R  INDICATES RECORD WAS SET OR TIED.
MM INDICATES DATA IS MISSING.
T  INDICATES TRACE AMOUNT.




$$
