000
CDUS41 KBOX 210526
CLIORH


CLIMATE REPORT
NATIONAL WEATHER SERVICE BOSTON/NORTON MA
126 AM EDT SAT APR 21 2018


...................................

...THE WORCESTER MA CLIMATE SUMMARY FOR APRIL 20 2018...

CLIMATE NORMAL PERIOD 1981 TO 2010
CLIMATE RECORD PERIOD 1892 TO 2018


WEATHER ITEM   OBSERVED TIME   RECORD YEAR NORMAL DEPARTURE LAST
                VALUE   (LST)  VALUE       VALUE  FROM      YEAR
                                                  NORMAL
..................................................................
TEMPERATURE (F)
 YESTERDAY
  MAXIMUM         48    250 PM  91    1941  57     -9       61
  MINIMUM         30    540 AM  20    1926  39     -9       41
  AVERAGE         39                        48     -9       51

PRECIPITATION (IN)
  YESTERDAY        0.00          1.66 1950   0.13  -0.13     0.04
  MONTH TO DATE    3.99                      2.83   1.16     3.28
  SINCE MAR 1      8.89                      7.04   1.85     7.29
  SINCE JAN 1     17.38                     13.76   3.62    13.64

SNOWFALL (IN)
  YESTERDAY        0.0           2.5  1947   0.1   -0.1      0.0
  MONTH TO DATE    7.2                       2.4    4.8      2.9
  SINCE MAR 1     49.5                      13.8   35.7     20.5
  SINCE JUL 1     96.1                      63.7   32.4     78.3
  SNOW DEPTH      MM

DEGREE DAYS
 HEATING
  YESTERDAY       26                        17      9       14
  MONTH TO DATE  557                       418    139      339
  SINCE MAR 1   1526                      1357    169     1419
  SINCE JUL 1   6027                      6194   -167     5696

 COOLING
  YESTERDAY        0                         0      0        0
  MONTH TO DATE    0                         0      0        6
  SINCE MAR 1      0                         0      0        6
  SINCE JAN 1      0                         0      0        6
..................................................................


WIND (MPH)
  RESULTANT WIND SPEED  17   RESULTANT WIND DIRECTION  NW (310)
  HIGHEST WIND SPEED    26   HIGHEST WIND DIRECTION     W (290)
  HIGHEST GUST SPEED    35   HIGHEST GUST DIRECTION    NW (300)
  AVERAGE WIND SPEED    17.4


SKY COVER
  POSSIBLE SUNSHINE  MM
  AVERAGE SKY COVER 0.5


WEATHER CONDITIONS
 THE FOLLOWING WEATHER WAS RECORDED YESTERDAY.
  NO SIGNIFICANT WEATHER WAS OBSERVED.


RELATIVE HUMIDITY (PERCENT)
 HIGHEST    78          1200 AM
 LOWEST     42           100 PM
 AVERAGE    60

..........................................................


THE WORCESTER MA CLIMATE NORMALS FOR TODAY
                         NORMAL    RECORD    YEAR
 MAXIMUM TEMPERATURE (F)   58        83      1957
                                             1954
 MINIMUM TEMPERATURE (F)   39        24      1908


SUNRISE AND SUNSET
APRIL 21 2018.........SUNRISE   557 AM EDT   SUNSET   736 PM EDT
APRIL 22 2018.........SUNRISE   556 AM EDT   SUNSET   737 PM EDT


-  INDICATES NEGATIVE NUMBERS.
R  INDICATES RECORD WAS SET OR TIED.
MM INDICATES DATA IS MISSING.
T  INDICATES TRACE AMOUNT.




$$
