000
CDUS46 KMFR 230037
CLIOTH


CLIMATE REPORT
NATIONAL WEATHER SERVICE MEDFORD, OR
537 PM PDT TUE MAY 22 2018


...................................

...THE NORTH BEND OR CLIMATE SUMMARY FOR MAY 22 2018...
VALID TODAY AS OF 0500 PM LOCAL TIME.

CLIMATE NORMAL PERIOD 1981 TO 2010
CLIMATE RECORD PERIOD 1902 TO 2018


WEATHER ITEM   OBSERVED TIME   RECORD YEAR NORMAL DEPARTURE LAST
                VALUE   (LST)  VALUE       VALUE  FROM      YEAR
                                                  NORMAL
..................................................................
TEMPERATURE (F)
 TODAY
  MAXIMUM         61        MM  80    2001  60      1       75
                                      1941
  MINIMUM         50        MM  30    1920  48      2       52
  AVERAGE         56                        54      2       64

PRECIPITATION (IN)
  TODAY            0.00          2.23 2013   0.10  -0.10     0.00
  MONTH TO DATE    0.01                      2.44  -2.43     4.57
  SINCE OCT 1     45.07                     59.31 -14.24    78.92
  SINCE JAN 1     26.17                     33.22  -7.05    44.77

SNOWFALL (IN)
  TODAY           MM                         0.0   MM       MM
  MONTH TO DATE    0.0                       0.0    0.0     MM
  SINCE JUL 1      0.0                       0.4   -0.4      0.0
  SNOW DEPTH      MM

DEGREE DAYS
 HEATING
  TODAY            9                        11     -2        1
  MONTH TO DATE  213                       277    -64      239
  SINCE MAR 1   1196                      1289    -93     1079
  SINCE JUL 1   3882                      4463   -581     3855

 COOLING
  TODAY            0                         0      0        0
  MONTH TO DATE    0                         0      0        0
  SINCE MAR 1      0                         0      0        0
  SINCE JAN 1      0                         0      0        0
..................................................................


WIND (MPH)
  HIGHEST WIND SPEED    24   HIGHEST WIND DIRECTION     N (350)
  HIGHEST GUST SPEED    30   HIGHEST GUST DIRECTION     N (350)
  AVERAGE WIND SPEED     9.4


SKY COVER
  POSSIBLE SUNSHINE  MM
  AVERAGE SKY COVER 0.8


WEATHER CONDITIONS
 THE FOLLOWING WEATHER WAS RECORDED TODAY.
  FOG
  HAZE


RELATIVE HUMIDITY (PERCENT)
 HIGHEST    96          1200 AM
 LOWEST     78          1200 PM

..........................................................


THE NORTH BEND OR CLIMATE NORMALS FOR TOMORROW
                         NORMAL    RECORD    YEAR
 MAXIMUM TEMPERATURE (F)   60        75      1999
 MINIMUM TEMPERATURE (F)   48        38      1919
                                             1991


SUNRISE AND SUNSET
MAY 22 2018...........SUNRISE   546 AM PDT   SUNSET   842 PM PDT
MAY 23 2018...........SUNRISE   545 AM PDT   SUNSET   843 PM PDT


-  INDICATES NEGATIVE NUMBERS.
R  INDICATES RECORD WAS SET OR TIED.
MM INDICATES DATA IS MISSING.
T  INDICATES TRACE AMOUNT.




$$
