000
CDUS42 KFFC 242058
CLIPDK


CLIMATE REPORT
NATIONAL WEATHER SERVICE PEACHTREE CITY GA
457 PM EDT THU MAY 24 2018


...................................

...THE DEKALB PEACHTREE AIRPORT CLIMATE SUMMARY FOR MAY 24 2018...
VALID TODAY AS OF 0400 PM LOCAL TIME.

CLIMATE NORMAL PERIOD 1981 TO 2010
CLIMATE RECORD PERIOD 9999 TO 9999


WEATHER ITEM   OBSERVED TIME   RECORD YEAR NORMAL DEPARTURE LAST
                VALUE   (LST)  VALUE       VALUE  FROM      YEAR
                                                  NORMAL
..................................................................
TEMPERATURE (F)
 TODAY
  MAXIMUM         86    236 PM  MM      MM  82      4       79
  MINIMUM         69    637 AM  MM      MM  61      8       60
  AVERAGE         78                        72      6       70

PRECIPITATION (IN)
  TODAY            0.00         MM      MM   0.13  -0.13     0.05
  MONTH TO DATE    4.11                      3.15   0.96     3.49
  SINCE MAR 1     13.77                     11.78   1.99    12.79
  SINCE JAN 1     21.23                     21.59  -0.36    20.10

DEGREE DAYS
 COOLING
  TODAY           13                         7      6        5
  MONTH TO DATE  188                       108     80      143
  SINCE MAR 1    197                       157     40      269
  SINCE JAN 1    213                       157     56      269
..................................................................


WIND (MPH)
  RESULTANT WIND SPEED   3   RESULTANT WIND DIRECTION   E (100)
  HIGHEST WIND SPEED     8   HIGHEST WIND DIRECTION    SE (140)
  HIGHEST GUST SPEED    14   HIGHEST GUST DIRECTION     S (160)
  AVERAGE WIND SPEED     3.1


SKY COVER
  AVERAGE SKY COVER 0.8


WEATHER CONDITIONS
 THE FOLLOWING WEATHER WAS RECORDED TODAY.
  FOG


RELATIVE HUMIDITY (PERCENT)
 HIGHEST    97           200 AM
 LOWEST     55           300 PM
 AVERAGE    76

..........................................................


THE DEKALB PEACHTREE AIRPORT CLIMATE NORMALS FOR TOMORROW
                         NORMAL    RECORD    YEAR
 MAXIMUM TEMPERATURE (F)   82        MM        MM
 MINIMUM TEMPERATURE (F)   62        MM        MM


SUNRISE AND SUNSET
MAY 24 2018...........SUNRISE   630 AM EDT   SUNSET   838 PM EDT
MAY 25 2018...........SUNRISE   630 AM EDT   SUNSET   839 PM EDT


-  INDICATES NEGATIVE NUMBERS.
R  INDICATES RECORD WAS SET OR TIED.
MM INDICATES DATA IS MISSING.
T  INDICATES TRACE AMOUNT.




$$
