000
CDUS43 KUNR 250834
CLIPHP


CLIMATE REPORT
NATIONAL WEATHER SERVICE RAPID CITY SD
234 AM MDT FRI MAY 25 2018


...................................

...THE PHILIP SD CLIMATE SUMMARY FOR MAY 24 2018...

CLIMATE NORMAL PERIOD 1981 TO 2010
CLIMATE RECORD PERIOD 9999 TO 9999


WEATHER ITEM   OBSERVED TIME   NORMAL DEPARTURE LAST
                VALUE   (LST)  VALUE  FROM      YEAR
                                      NORMAL
......................................................
TEMPERATURE (F)
 YESTERDAY
  MAXIMUM         83    441 PM  73     10       77
  MINIMUM         52    423 AM  47      5       29
  AVERAGE         68            60      8       53

PRECIPITATION (IN)
  YESTERDAY        0.00          0.10  -0.10     0.00
  MONTH TO DATE    2.03          2.35  -0.32     1.03
  SINCE MAR 1      5.01          5.46  -0.45     3.59
  SINCE JAN 1      6.44          6.24   0.20     4.66

DEGREE DAYS
 HEATING
  YESTERDAY        0             6     -6       12
  MONTH TO DATE  154           232    -78      222
  SINCE MAR 1   1933          1734    199     1554
  SINCE JUL 1   7473          7099    374     6614

 COOLING
  YESTERDAY        3             1      2        0
  MONTH TO DATE   25            19      6       13
  SINCE MAR 1     25            22      3       13
  SINCE JAN 1     25            22      3       13
......................................................


WIND (MPH)
  HIGHEST WIND SPEED    18   HIGHEST WIND DIRECTION    SW (230)
  HIGHEST GUST SPEED    22   HIGHEST GUST DIRECTION    SW (230)
  AVERAGE WIND SPEED     6.1


SKY COVER
  AVERAGE SKY COVER 0.0


WEATHER CONDITIONS
 THE FOLLOWING WEATHER WAS RECORDED YESTERDAY.
  NO SIGNIFICANT WEATHER WAS OBSERVED.


RELATIVE HUMIDITY (PERCENT)
 HIGHEST   100          1200 AM
 LOWEST     37           400 PM
 AVERAGE    69

..........................................................




SUNRISE AND SUNSET
MAY 25 2018...........SUNRISE   511 AM MDT   SUNSET   816 PM MDT
MAY 26 2018...........SUNRISE   510 AM MDT   SUNSET   817 PM MDT


-  INDICATES NEGATIVE NUMBERS.
R  INDICATES RECORD WAS SET OR TIED.
MM INDICATES DATA IS MISSING.
T  INDICATES TRACE AMOUNT.




$$
