000
CDUS45 KPSR 262318
CLIPHX

CLIMATE REPORT
NATIONAL WEATHER SERVICE PHOENIX AZ
417 PM MST SAT MAY 26 2018


...................................

...THE PHOENIX AZ CLIMATE SUMMARY FOR MAY 26 2018...
VALID TODAY AS OF 0400 PM LOCAL TIME.

CLIMATE NORMAL PERIOD 1981 TO 2010
CLIMATE RECORD PERIOD 1895 TO 2018


WEATHER ITEM   OBSERVED TIME   RECORD YEAR NORMAL DEPARTURE LAST
                VALUE   (LST)  VALUE       VALUE  FROM      YEAR
                                                  NORMAL
..................................................................
TEMPERATURE (F)
 TODAY
  MAXIMUM         94    238 PM 112    1951  98     -4       96
  MINIMUM         72    621 AM  48    1916  72      0       74
  AVERAGE         83                        85     -2       85

PRECIPITATION (IN)
  TODAY            0.00          0.14 1926   0.01  -0.01     0.00
  MONTH TO DATE    0.00                      0.10  -0.10     0.01
  SINCE OCT 1      1.00                      5.31  -4.31     4.24
  SINCE JAN 1      0.77                      3.20  -2.43     2.41

SNOWFALL (IN)
  TODAY            0.0
  MONTH TO DATE    0.0
  SINCE JAN 1      0.0
  SINCE JUL 1      0.0
  SNOW DEPTH       0

DEGREE DAYS
 HEATING
  TODAY            0                         0      0        0
  MONTH TO DATE    0                         0      0        0
  SINCE MAR 1     35                       101    -66       25
  SINCE JUL 1    499                       934   -435      693

 COOLING
  TODAY           18                        20     -2       20
  MONTH TO DATE  474                       427     47      418
  SINCE MAR 1    955                       765    190      942
  SINCE JAN 1    977                       782    195      962
..................................................................


WIND (MPH)
  HIGHEST WIND SPEED    24   HIGHEST WIND DIRECTION     W (260)
  HIGHEST GUST SPEED    29   HIGHEST GUST DIRECTION     W (260)
  AVERAGE WIND SPEED     7.3


SKY COVER
  AVERAGE SKY COVER 0.7


WEATHER CONDITIONS
 THE FOLLOWING WEATHER WAS RECORDED TODAY.
  NO SIGNIFICANT WEATHER WAS OBSERVED.


RELATIVE HUMIDITY (PERCENT)
 HIGHEST    27           600 AM
 LOWEST      8           400 PM
 AVERAGE    18

..........................................................


THE PHOENIX AZ CLIMATE NORMALS FOR TOMORROW
                         NORMAL    RECORD    YEAR
 MAXIMUM TEMPERATURE (F)   98       111      1983
 MINIMUM TEMPERATURE (F)   72        48      1917


SUNRISE AND SUNSET
MAY 26 2018...........SUNRISE   521 AM MST   SUNSET   729 PM MST
MAY 27 2018...........SUNRISE   521 AM MST   SUNSET   730 PM MST


-  INDICATES NEGATIVE NUMBERS.
R  INDICATES RECORD WAS SET OR TIED.
MM INDICATES DATA IS MISSING.
T  INDICATES TRACE AMOUNT.

$$
