000
CDUS46 KLOX 200130
CLIPMD


CLIMATE REPORT
NATIONAL WEATHER SERVICE LOS ANGELES/OXNARD CA
629 PM PDT THU APR 19 2018


...................................

...THE PALMDALE AIRPORT CA CLIMATE SUMMARY FOR APRIL 19 2018...
VALID TODAY AS OF 0600 PM LOCAL TIME.

CLIMATE NORMAL PERIOD 1981 TO 2010
CLIMATE RECORD PERIOD 1931 TO 2018


WEATHER ITEM   OBSERVED TIME   RECORD YEAR NORMAL DEPARTURE LAST
                VALUE   (LST)  VALUE       VALUE  FROM      YEAR
                                                  NORMAL
..................................................................
TEMPERATURE (F)
 TODAY
  MAXIMUM         59    329 PM  92    1994  73    -14       78
  MINIMUM         43    523 AM  27    1955  44     -1       50
  AVERAGE         51                        59     -8       64

PRECIPITATION (IN)
  TODAY            0.00          0.15 1967   0.02  -0.02     0.00
  MONTH TO DATE    0.01                      0.32  -0.31      T
  SINCE OCT 1      2.57                      7.28  -4.71     5.91
  SINCE JAN 1      2.57                      4.83  -2.26     4.12

SNOWFALL (IN)
  TODAY            0.0           0.0  1973  MM               0.0
  MONTH TO DATE    0.0                      MM               0.0
  SINCE MAR 1      0.0                      MM               0.0
  SINCE JUL 1      0.0                      MM               0.0
  SNOW DEPTH       0

DEGREE DAYS
 HEATING
  TODAY           14                         7      7        1
  MONTH TO DATE   81                       169    -88       88
  SINCE MAR 1    433                       545   -112      331
  SINCE JUL 1   2114                      2790   -676     2240

 COOLING
  TODAY            0                         1     -1        0
  MONTH TO DATE   16                         4     12        2
  SINCE MAR 1     18                         6     12        9
  SINCE JAN 1     18                         6     12        9
..................................................................


WIND (MPH)
  HIGHEST WIND SPEED    40   HIGHEST WIND DIRECTION     W (290)
  HIGHEST GUST SPEED    48   HIGHEST GUST DIRECTION     W (290)
  AVERAGE WIND SPEED    21.7


SKY COVER
  POSSIBLE SUNSHINE  MM
  AVERAGE SKY COVER 0.2


WEATHER CONDITIONS
 THE FOLLOWING WEATHER WAS RECORDED TODAY.
  HAZE


RELATIVE HUMIDITY (PERCENT)
 HIGHEST    70           500 AM
 LOWEST     28           300 PM
 AVERAGE    49

..........................................................


THE PALMDALE AIRPORT CA CLIMATE NORMALS FOR TOMORROW
                         NORMAL    RECORD    YEAR
 MAXIMUM TEMPERATURE (F)   74        94      2009
                                             1950
 MINIMUM TEMPERATURE (F)   45        28      1966


SUNRISE AND SUNSET
APRIL 19 2018.........SUNRISE   616 AM PDT   SUNSET   728 PM PDT
APRIL 20 2018.........SUNRISE   614 AM PDT   SUNSET   728 PM PDT


-  INDICATES NEGATIVE NUMBERS.
R  INDICATES RECORD WAS SET OR TIED.
MM INDICATES DATA IS MISSING.
T  INDICATES TRACE AMOUNT.




$$
