000
CDUS46 KLOX 200902
CLIPRB


CLIMATE REPORT
NATIONAL WEATHER SERVICE LOS ANGELES/OXNARD CA
202 AM PDT SUN MAY 20 2018


...................................

...THE PASO ROBLES AIRPORT CA CLIMATE SUMMARY FOR MAY 19 2018...

CLIMATE NORMAL PERIOD 1981 TO 2010
CLIMATE RECORD PERIOD 1948 TO 2018


WEATHER ITEM   OBSERVED TIME   RECORD YEAR NORMAL DEPARTURE LAST
                VALUE   (LST)  VALUE       VALUE  FROM      YEAR
                                                  NORMAL
..................................................................
TEMPERATURE (F)
 YESTERDAY
  MAXIMUM         83    203 PM 102    2008  82      1       89
  MINIMUM         50   1159 PM  32    1974  47      3       46
  AVERAGE         67                        64      3       68

PRECIPITATION (IN)
  YESTERDAY        0.00          0.54 1961   0.00   0.00     0.00
  MONTH TO DATE    0.00                      0.20  -0.20     0.18
  SINCE OCT 1      9.62                     12.37  -2.75    16.14
  SINCE JAN 1      9.35                      8.71   0.64    12.46

SNOWFALL (IN)
  YESTERDAY        0.0
  MONTH TO DATE    0.0
  SINCE MAR 1      0.0
  SINCE JUL 1      0.0

DEGREE DAYS
 HEATING
  YESTERDAY        0                         3     -3        0
  MONTH TO DATE   61                        79    -18       61
  SINCE MAR 1    598                       698   -100      512
  SINCE JUL 1   2299                      2791   -492     2313

 COOLING
  YESTERDAY        2                         2      0        3
  MONTH TO DATE   25                        28     -3       34
  SINCE MAR 1     29                        37     -8       35
  SINCE JAN 1     29                        37     -8       35
..................................................................


WIND (MPH)
  HIGHEST WIND SPEED    21   HIGHEST WIND DIRECTION    NW (310)
  HIGHEST GUST SPEED    27   HIGHEST GUST DIRECTION    NW (300)
  AVERAGE WIND SPEED    11.5


SKY COVER
  POSSIBLE SUNSHINE  MM
  AVERAGE SKY COVER 0.3


WEATHER CONDITIONS
 THE FOLLOWING WEATHER WAS RECORDED YESTERDAY.
  FOG


RELATIVE HUMIDITY (PERCENT)
 HIGHEST    96           100 AM
 LOWEST     28           200 PM
 AVERAGE    62

..........................................................


THE PASO ROBLES AIRPORT CA CLIMATE NORMALS FOR TODAY
                         NORMAL    RECORD    YEAR
 MAXIMUM TEMPERATURE (F)   82       103      2000
 MINIMUM TEMPERATURE (F)   47        34      1974


SUNRISE AND SUNSET
MAY 20 2018...........SUNRISE   554 AM PDT   SUNSET   805 PM PDT
MAY 21 2018...........SUNRISE   553 AM PDT   SUNSET   805 PM PDT


-  INDICATES NEGATIVE NUMBERS.
R  INDICATES RECORD WAS SET OR TIED.
MM INDICATES DATA IS MISSING.
T  INDICATES TRACE AMOUNT.




$$
