000
CDUS45 KFGZ 270733
CLIPRC


CLIMATE REPORT
NATIONAL WEATHER SERVICE FLAGSTAFF, AZ
1233 AM MST FRI APR 27 2018


...................................

...THE PRESCOTT AZ AIRPORT CLIMATE SUMMARY FOR APRIL 26 2018...

CLIMATE NORMAL PERIOD 1981 TO 2010
CLIMATE RECORD PERIOD 1948 TO 2018


WEATHER ITEM   OBSERVED TIME   RECORD YEAR NORMAL DEPARTURE LAST
                VALUE   (LST)  VALUE       VALUE  FROM      YEAR
                                                  NORMAL
..................................................................
TEMPERATURE (F)
 YESTERDAY
  MAXIMUM         85    147 PM  89    1996  70     15       73
  MINIMUM         50    631 AM  26    1964  41      9       39
  AVERAGE         68                        56     12

PRECIPITATION (IN)
  YESTERDAY        0.00          0.33 1959   0.01  -0.01     0.00
  MONTH TO DATE    0.00                      0.45  -0.45     0.11
  SINCE SEP 1      1.97                      8.34  -6.37    11.00
  SINCE JAN 1      1.44                      4.03  -2.59     4.25

DEGREE DAYS
 HEATING
  YESTERDAY        0                              -10
  MONTH TO DATE  180                             -156
  SINCE JUL 1   3195                             -888

 COOLING
  YESTERDAY        3                                3
  MONTH TO DATE    5                                5
  SINCE JAN 1      5                                5
..................................................................


WIND (MPH)
  HIGHEST WIND SPEED    25   HIGHEST WIND DIRECTION    SW (240)
  HIGHEST GUST SPEED    32   HIGHEST GUST DIRECTION    SW (240)
  AVERAGE WIND SPEED     7.8


SKY COVER
  AVERAGE SKY COVER 0.0


WEATHER CONDITIONS
 THE FOLLOWING WEATHER WAS RECORDED YESTERDAY.
  NO SIGNIFICANT WEATHER WAS OBSERVED.


RELATIVE HUMIDITY (PERCENT)
 HIGHEST    36
 LOWEST      9

..........................................................


THE PRESCOTT AZ AIRPORT CLIMATE NORMALS FOR TODAY
                         NORMAL    RECORD    YEAR
 MAXIMUM TEMPERATURE (F)   71        86      1996
 MINIMUM TEMPERATURE (F)   41        25      1984


SUNRISE AND SUNSET
APRIL 27 2018.........SUNRISE   544 AM MST   SUNSET   711 PM MST
APRIL 28 2018.........SUNRISE   543 AM MST   SUNSET   712 PM MST


-  INDICATES NEGATIVE NUMBERS.
R  INDICATES RECORD WAS SET OR TIED.
MM INDICATES DATA IS MISSING.
T  INDICATES TRACE AMOUNT.




$$
