000
CDUS46 KOTX 240822
CLIPUW


CLIMATE REPORT
NATIONAL WEATHER SERVICE SPOKANE, WA
122 AM PDT TUE APR 24 2018


...................................

...THE PULLMAN-MOSCOW  AIRPORT CLIMATE SUMMARY FOR APRIL 23 2018...

CLIMATE NORMAL PERIOD 1981 TO 2010
CLIMATE RECORD PERIOD 9999 TO 9999


WEATHER ITEM   OBSERVED TIME   RECORD YEAR NORMAL DEPARTURE LAST
                VALUE   (LST)  VALUE       VALUE  FROM      YEAR
                                                  NORMAL
..................................................................
TEMPERATURE (F)
 YESTERDAY
  MAXIMUM         62    445 PM  85    1910  59      3       55
  MINIMUM         29    507 AM  26    2002  37     -8       44
  AVERAGE         46                        48     -2       50

PRECIPITATION (IN)
  YESTERDAY        0.00                      0.05  -0.05     0.05
  MONTH TO DATE    2.27                      1.22   1.05     1.17
  SINCE OCT 1     16.98                     11.81   5.17    19.51
  SINCE JAN 1      8.12                      6.61   1.51    11.10

SNOWFALL (IN)
  YESTERDAY       MM

DEGREE DAYS
 HEATING
  YESTERDAY       19                        17      2       15
  MONTH TO DATE  471                       454     17      429
  SINCE MAR 1   1228                      1210     18     1134
  SINCE JUL 1   5612                      5913   -301     5911

 COOLING
  YESTERDAY        0                         0      0        0
  MONTH TO DATE    0                         0      0        0
  SINCE MAR 1      0                         0      0        0
  SINCE JAN 1      0                         0      0        0
..................................................................


WIND (MPH)
  HIGHEST WIND SPEED     9   HIGHEST WIND DIRECTION     E (100)
  HIGHEST GUST SPEED    13   HIGHEST GUST DIRECTION    NE (40)
  AVERAGE WIND SPEED     2.7


SKY COVER
  POSSIBLE SUNSHINE  MM
  AVERAGE SKY COVER 0.0


WEATHER CONDITIONS
 THE FOLLOWING WEATHER WAS RECORDED YESTERDAY.
  NO SIGNIFICANT WEATHER WAS OBSERVED.


RELATIVE HUMIDITY (PERCENT)
 HIGHEST    85           300 AM
 LOWEST     29           400 PM
 AVERAGE    57

..........................................................


THE PULLMAN-MOSCOW  AIRPORT CLIMATE NORMALS FOR TODAY
                         NORMAL    RECORD    YEAR
 MAXIMUM TEMPERATURE (F)   59        86      1910
 MINIMUM TEMPERATURE (F)   37        22      2002


SUNRISE AND SUNSET
APRIL 24 2018.........SUNRISE   545 AM PDT   SUNSET   749 PM PDT
APRIL 25 2018.........SUNRISE   543 AM PDT   SUNSET   750 PM PDT


-  INDICATES NEGATIVE NUMBERS.
R  INDICATES RECORD WAS SET OR TIED.
MM INDICATES DATA IS MISSING.
T  INDICATES TRACE AMOUNT.




$$
