883
CDUS41 KGYX 260820
CLIPWM


CLIMATE REPORT
NATIONAL WEATHER SERVICE GRAY ME
420 AM EDT THU APR 26 2018


...................................

...THE PORTLAND ME CLIMATE SUMMARY FOR APRIL 25 2018...

CLIMATE NORMAL PERIOD 1981 TO 2010
CLIMATE RECORD PERIOD 1941 TO 2018


WEATHER ITEM   OBSERVED TIME   RECORD YEAR NORMAL DEPARTURE LAST
                VALUE   (LST)  VALUE       VALUE  FROM      YEAR
                                                  NORMAL
..................................................................
TEMPERATURE (F)
 YESTERDAY
  MAXIMUM         54   1047 AM  79    1942  57     -3       48
  MINIMUM         47    322 PM  21    1965  38      9       41
  AVERAGE         51                        47      4       45

PRECIPITATION (IN)
  YESTERDAY        1.31R         0.84 1968   0.14   1.17     0.54
  MONTH TO DATE    5.18                      3.59   1.59     5.09
  SINCE MAR 1      8.38                      7.83   0.55     8.59
  SINCE JAN 1     16.01                     14.46   1.55    16.79

SNOWFALL (IN)
  YESTERDAY       MM             2.2  1962   0.0   MM        0.0
  MONTH TO DATE    0.7                       2.7   -2.0      7.9
  SINCE MAR 1     33.7                      15.4   18.3     29.1
  SINCE JUL 1     91.9                      61.8   30.1     95.3
  SNOW DEPTH       0

DEGREE DAYS
 HEATING
  YESTERDAY       14                        18     -4       20
  MONTH TO DATE  616                       546     70      490
  SINCE MAR 1   1572                      1522     50     1604
  SINCE JUL 1   6276                      6564   -288     6082

 COOLING
  YESTERDAY        0                         0      0        0
  MONTH TO DATE    0                         0      0        2
  SINCE MAR 1      0                         0      0        2
  SINCE JAN 1      0                         0      0        2
..................................................................


WIND (MPH)
  RESULTANT WIND SPEED   7   RESULTANT WIND DIRECTION  SE (140)
  HIGHEST WIND SPEED    21   HIGHEST WIND DIRECTION    SE (140)
  HIGHEST GUST SPEED    32   HIGHEST GUST DIRECTION    SE (150)
  AVERAGE WIND SPEED     7.8


SKY COVER
  AVERAGE SKY COVER 0.8


WEATHER CONDITIONS
 THE FOLLOWING WEATHER WAS RECORDED YESTERDAY.
  RAIN
  LIGHT RAIN
  FOG


RELATIVE HUMIDITY (PERCENT)
 HIGHEST   100           200 PM
 LOWEST     61          1200 AM
 AVERAGE    81

..........................................................


THE PORTLAND ME CLIMATE NORMALS FOR TODAY
                         NORMAL    RECORD    YEAR
 MAXIMUM TEMPERATURE (F)   57        80      2009
 MINIMUM TEMPERATURE (F)   38        27      2006
                                             1948


SUNRISE AND SUNSET
APRIL 26 2018.........SUNRISE   541 AM EDT   SUNSET   738 PM EDT
APRIL 27 2018.........SUNRISE   540 AM EDT   SUNSET   739 PM EDT


-  INDICATES NEGATIVE NUMBERS.
R  INDICATES RECORD WAS SET OR TIED.
MM INDICATES DATA IS MISSING.
T  INDICATES TRACE AMOUNT.




$$
