000
CDUS46 KSGX 240022
CLIRAL


CLIMATE REPORT
NATIONAL WEATHER SERVICE SAN DIEGO, CA
522 PM PDT WED MAY 23 2018


...................................

...THE RIVERSIDE MUNI AIRPORT CA CLIMATE SUMMARY FOR MAY 23 2018...
VALID TODAY AS OF 0500 PM LOCAL TIME.

CLIMATE NORMAL PERIOD 1981 TO 2010
CLIMATE RECORD PERIOD 1893 TO 2018


WEATHER ITEM   OBSERVED TIME   RECORD YEAR NORMAL DEPARTURE LAST
                VALUE   (LST)  VALUE       VALUE  FROM      YEAR
                                                  NORMAL
..................................................................
TEMPERATURE (F)
 TODAY
  MAXIMUM         74    333 PM 101    2001  81     -7       94
  MINIMUM         56    146 AM  40    1933  57     -1       62
                                      1902
  AVERAGE         65                        69     -4       78

PRECIPITATION (IN)
  TODAY            0.00          0.23 1921   0.00   0.00     0.00
  MONTH TO DATE    0.15                      0.30  -0.15     0.02
  SINCE OCT 1      4.23                     11.90  -7.67    13.21
  SINCE JAN 1      4.20                      9.09  -4.89     7.95

DEGREE DAYS
 HEATING
  TODAY            0                         0      0        0
  MONTH TO DATE   33                        22     11       40
  SINCE MAR 1    265                       334    -69      169
  SINCE JUL 1    825                      1442   -617     1133

 COOLING
  TODAY            0                         4     -4       13
  MONTH TO DATE   62                        79    -17      111
  SINCE MAR 1    143                       133     10      249
  SINCE JAN 1    179                       142     37      249
..................................................................


WIND (MPH)
  RESULTANT WIND SPEED   3   RESULTANT WIND DIRECTION   W (260)
  HIGHEST WIND SPEED    13   HIGHEST WIND DIRECTION     W (280)
  HIGHEST GUST SPEED    16   HIGHEST GUST DIRECTION     W (280)
  AVERAGE WIND SPEED     4.2


SKY COVER
  POSSIBLE SUNSHINE  MM
  AVERAGE SKY COVER 0.7


WEATHER CONDITIONS
 THE FOLLOWING WEATHER WAS RECORDED TODAY.
  NO SIGNIFICANT WEATHER WAS OBSERVED.


RELATIVE HUMIDITY (PERCENT)
 HIGHEST    80          1200 AM
 LOWEST     46           300 PM
 AVERAGE    63

..........................................................


THE RIVERSIDE MUNI AIRPORT CA CLIMATE NORMALS FOR TOMORROW
                         NORMAL    RECORD    YEAR
 MAXIMUM TEMPERATURE (F)   81        99      1938
                                             1927
 MINIMUM TEMPERATURE (F)   57        39      1916


SUNRISE AND SUNSET
MAY 23 2018...........SUNRISE   543 AM PDT   SUNSET   750 PM PDT
MAY 24 2018...........SUNRISE   543 AM PDT   SUNSET   751 PM PDT


-  INDICATES NEGATIVE NUMBERS.
R  INDICATES RECORD WAS SET OR TIED.
MM INDICATES DATA IS MISSING.
T  INDICATES TRACE AMOUNT.




$$
