000
CDUS43 KUNR 250036
CLIRAP


CLIMATE REPORT
NATIONAL WEATHER SERVICE RAPID CITY SD
635 PM MDT THU MAY 24 2018


...................................

...THE RAPID CITY AIRPORT SD CLIMATE SUMMARY FOR MAY 24 2018...
VALID TODAY AS OF 0600 PM LOCAL TIME.

CLIMATE NORMAL PERIOD 1981 TO 2010
CLIMATE RECORD PERIOD 1942 TO 2018


WEATHER ITEM   OBSERVED TIME   RECORD YEAR NORMAL DEPARTURE LAST
                VALUE   (LST)  VALUE       VALUE  FROM      YEAR
                                                  NORMAL
..................................................................
TEMPERATURE (F)
 TODAY
  MAXIMUM         80    348 PM  89    1985  70     10       78
  MINIMUM         52    130 AM  23    2002  45      7       37
  AVERAGE         66                        57      9       58

PRECIPITATION (IN)
  TODAY            0.00          1.38 2010   0.10  -0.10     0.00
  MONTH TO DATE    2.23                      2.45  -0.22     1.09
  SINCE MAR 1      5.28                      5.18   0.10     3.39
  SINCE JAN 1      6.24                      5.92   0.32     4.20

SNOWFALL (IN)
  TODAY            0.0           0.0    MM   0.0    0.0      0.0
  MONTH TO DATE    0.0                       1.1   -1.1      0.0
  SINCE MAR 1     30.3                      17.7   12.6      5.2
  SINCE JUL 1     60.1                      41.1   19.0     35.7
  SNOW DEPTH       0

DEGREE DAYS
 HEATING
  TODAY            0                         8     -8        7
  MONTH TO DATE  203                       275    -72      251
  SINCE MAR 1   1984                      1794    190     1616
  SINCE JUL 1   7504                      7004    500     6672

 COOLING
  TODAY            1                         0      1        0
  MONTH TO DATE    7                         0      7       12
  SINCE MAR 1      8                         2      6       12
  SINCE JAN 1      8                         2      6       12
..................................................................


WIND (MPH)
  HIGHEST WIND SPEED    16   HIGHEST WIND DIRECTION     N (10)
  HIGHEST GUST SPEED    22   HIGHEST GUST DIRECTION    SE (120)
  AVERAGE WIND SPEED     7.9


SKY COVER
  AVERAGE SKY COVER 0.0


WEATHER CONDITIONS
 THE FOLLOWING WEATHER WAS RECORDED TODAY.
  NO SIGNIFICANT WEATHER WAS OBSERVED.


RELATIVE HUMIDITY (PERCENT)
 HIGHEST    83           100 AM
 LOWEST     39           200 PM
 AVERAGE    61

..........................................................


THE RAPID CITY AIRPORT SD CLIMATE NORMALS FOR TOMORROW
                         NORMAL    RECORD    YEAR
 MAXIMUM TEMPERATURE (F)   70        86      1985
 MINIMUM TEMPERATURE (F)   45        30      1992


SUNRISE AND SUNSET
MAY 24 2018...........SUNRISE   518 AM MDT   SUNSET   821 PM MDT
MAY 25 2018...........SUNRISE   517 AM MDT   SUNSET   822 PM MDT


-  INDICATES NEGATIVE NUMBERS.
R  INDICATES RECORD WAS SET OR TIED.
MM INDICATES DATA IS MISSING.
T  INDICATES TRACE AMOUNT.




$$
