000
CDUS46 KMFR 230836
CLIRBG


CLIMATE REPORT
NATIONAL WEATHER SERVICE MEDFORD, OR
136 AM PDT MON APR 23 2018


...................................

...THE ROSEBURG OR CLIMATE SUMMARY FOR APRIL 22 2018...

CLIMATE NORMAL PERIOD 1981 TO 2010
CLIMATE RECORD PERIOD 1931 TO 2018


WEATHER ITEM   OBSERVED TIME   RECORD YEAR NORMAL DEPARTURE LAST
                VALUE   (LST)  VALUE       VALUE  FROM      YEAR
                                                  NORMAL
..................................................................
TEMPERATURE (F)
 YESTERDAY
  MAXIMUM         68    417 PM  87    2012  64      4       66
  MINIMUM         39    544 AM  32    2011  43     -4       49
  AVERAGE         54                        53      1       58

PRECIPITATION (IN)
  YESTERDAY        0.00          0.36 1979   0.08  -0.08     0.02
  MONTH TO DATE    1.56                      2.16  -0.60     1.67
  SINCE OCT 1     19.71                     30.35 -10.64    39.30
  SINCE JAN 1     11.34                     14.70  -3.36    20.38

SNOWFALL (IN)
  YESTERDAY       MM                        MM     MM       MM
  MONTH TO DATE   MM                        MM     MM       MM
  SINCE JUL 1     MM                        MM     MM       MM
  SNOW DEPTH      MM

DEGREE DAYS
 HEATING
  YESTERDAY       11                        12     -1        7
  MONTH TO DATE  281                       299    -18      256
  SINCE MAR 1    816                       809      7      710
  SINCE JUL 1   3570                      3678   -108     3426

 COOLING
  YESTERDAY        0                         0      0        0
  MONTH TO DATE    0                         0      0        0
  SINCE MAR 1      0                         0      0        0
  SINCE JAN 1      0                         0      0        0
..................................................................


WIND (MPH)
  RESULTANT WIND SPEED   7   RESULTANT WIND DIRECTION   N (360)
  HIGHEST WIND SPEED    20   HIGHEST WIND DIRECTION     N (360)
  HIGHEST GUST SPEED    24   HIGHEST GUST DIRECTION     N (360)
  AVERAGE WIND SPEED     7.2


SKY COVER
  POSSIBLE SUNSHINE  MM
  AVERAGE SKY COVER 0.0


WEATHER CONDITIONS
 THE FOLLOWING WEATHER WAS RECORDED YESTERDAY.
  NO SIGNIFICANT WEATHER WAS OBSERVED.


RELATIVE HUMIDITY (PERCENT)
 HIGHEST    79           600 AM
 LOWEST     15           300 PM
 AVERAGE    47

..........................................................


THE ROSEBURG OR CLIMATE NORMALS FOR TODAY
                         NORMAL    RECORD    YEAR
 MAXIMUM TEMPERATURE (F)   64        85      2012
 MINIMUM TEMPERATURE (F)   43        32      1961


SUNRISE AND SUNSET
APRIL 23 2018.........SUNRISE   618 AM PDT   SUNSET   806 PM PDT
APRIL 24 2018.........SUNRISE   617 AM PDT   SUNSET   807 PM PDT


-  INDICATES NEGATIVE NUMBERS.
R  INDICATES RECORD WAS SET OR TIED.
MM INDICATES DATA IS MISSING.
T  INDICATES TRACE AMOUNT.




$$
