000
CDUS41 KPHI 232128
CLIRDG


CLIMATE REPORT
NATIONAL WEATHER SERVICE MOUNT HOLLY NJ
528 PM EDT MON APR 23 2018


...................................

...THE READING PA CLIMATE SUMMARY FOR APRIL 23 2018...
VALID TODAY AS OF 0500 PM LOCAL TIME.

CLIMATE NORMAL PERIOD 1981 TO 2010
CLIMATE RECORD PERIOD 1869 TO 2018


WEATHER ITEM   OBSERVED TIME   RECORD YEAR NORMAL DEPARTURE LAST
                VALUE   (LST)  VALUE       VALUE  FROM      YEAR
                                                  NORMAL
..................................................................
TEMPERATURE (F)
 TODAY
  MAXIMUM         71    233 PM  91    1960  65      6       68
  MINIMUM         37    418 AM  26    1982  43     -6       40
  AVERAGE         54                        54      0       54

PRECIPITATION (IN)
  TODAY            0.00          2.22 1921   0.12  -0.12     0.00
  MONTH TO DATE    2.21                      2.99  -0.78     1.85
  SINCE MAR 1      4.89                      6.47  -1.58     5.87
  SINCE JAN 1     13.67                     12.00   1.67     9.26

DEGREE DAYS
 HEATING
  TODAY           11                        11      0       11
  MONTH TO DATE  444                       340    104      207
  SINCE MAR 1   1268                      1083    185     1001
  SINCE JUL 1   5057                      5125    -68     4363

 COOLING
  TODAY            0                         0      0        0
  MONTH TO DATE   10                         0     10        7
  SINCE MAR 1     10                         0     10        7
  SINCE JAN 1     11                         0     11        7
..................................................................


WIND (MPH)
  HIGHEST WIND SPEED    15   HIGHEST WIND DIRECTION     S (180)
  HIGHEST GUST SPEED    20   HIGHEST GUST DIRECTION    SW (210)
  AVERAGE WIND SPEED     4.1


SKY COVER
  POSSIBLE SUNSHINE  MM
  AVERAGE SKY COVER 0.0


WEATHER CONDITIONS
 THE FOLLOWING WEATHER WAS RECORDED TODAY.
  NO SIGNIFICANT WEATHER WAS OBSERVED.


RELATIVE HUMIDITY (PERCENT)
 HIGHEST    85           500 AM
 LOWEST     25           200 PM
 AVERAGE    55

..........................................................


THE READING PA CLIMATE NORMALS FOR TOMORROW
                         NORMAL    RECORD    YEAR
 MAXIMUM TEMPERATURE (F)   66        90      1960
 MINIMUM TEMPERATURE (F)   43        29      1989
                                             1971
                                             1930


SUNRISE AND SUNSET
APRIL 23 2018.........SUNRISE   614 AM EDT   SUNSET   751 PM EDT
APRIL 24 2018.........SUNRISE   612 AM EDT   SUNSET   752 PM EDT


-  INDICATES NEGATIVE NUMBERS.
R  INDICATES RECORD WAS SET OR TIED.
MM INDICATES DATA IS MISSING.
T  INDICATES TRACE AMOUNT.




$$
