000
CDUS43 KGRB 260649
CLIRHI


CLIMATE REPORT
NATIONAL WEATHER SERVICE GREEN BAY
149 AM CDT THU APR 26 2018


...................................

...THE RHINELANDER WI CLIMATE SUMMARY FOR APRIL 25 2018...

CLIMATE NORMAL PERIOD 1981 TO 2010
CLIMATE RECORD PERIOD 1908 TO 2018


WEATHER ITEM   OBSERVED TIME   RECORD YEAR NORMAL DEPARTURE LAST
                VALUE   (LST)  VALUE       VALUE  FROM      YEAR
                                                  NORMAL
..................................................................
TEMPERATURE (F)
 YESTERDAY
  MAXIMUM         54    520 PM  84    1990  58     -4       75
  MINIMUM         28    452 AM  19    1972  34     -6       48
                                      1926
  AVERAGE         41                        46     -5       62

PRECIPITATION (IN)
  YESTERDAY        0.00          0.70 1950   0.10  -0.10     0.13
  MONTH TO DATE    2.56                      2.08   0.48     5.11
  SINCE MAR 1      4.41                      3.65   0.76     6.32
  SINCE JAN 1      6.70                      5.69   1.01     9.68

SNOWFALL (IN)
  YESTERDAY        0.0           5.3  1909  MM     MM        0.0
  MONTH TO DATE   27.8                      MM     MM        5.4
  SINCE MAR 1     44.3                      MM     MM       11.2
  SINCE JUL 1     99.9                      MM     MM       62.7
  SNOW DEPTH       0

DEGREE DAYS
 HEATING
  YESTERDAY       24                        19      5        3
  MONTH TO DATE  890                       613    277      485
  SINCE MAR 1   2130                      1786    344     1637
  SINCE JUL 1   8705                      8408    297     7148

 COOLING
  YESTERDAY        0                         0      0        0
  MONTH TO DATE    0                         0      0        0
  SINCE MAR 1      0                         0      0        0
  SINCE JAN 1      0                         0      0        0
..................................................................


WIND (MPH)
  HIGHEST WIND SPEED    12   HIGHEST WIND DIRECTION     W (280)
  HIGHEST GUST SPEED    18   HIGHEST GUST DIRECTION     W (280)
  AVERAGE WIND SPEED     3.4


SKY COVER
  POSSIBLE SUNSHINE  MM
  AVERAGE SKY COVER 0.0


WEATHER CONDITIONS
 THE FOLLOWING WEATHER WAS RECORDED YESTERDAY.
  NO SIGNIFICANT WEATHER WAS OBSERVED.


RELATIVE HUMIDITY (PERCENT)
 HIGHEST   100           100 AM
 LOWEST     26           400 PM
 AVERAGE    63

..........................................................


THE RHINELANDER WI CLIMATE NORMALS FOR TODAY
                         NORMAL    RECORD    YEAR
 MAXIMUM TEMPERATURE (F)   59        85      1962
 MINIMUM TEMPERATURE (F)   34        18      1919


SUNRISE AND SUNSET
APRIL 26 2018.........SUNRISE   553 AM CDT   SUNSET   759 PM CDT
APRIL 27 2018.........SUNRISE   552 AM CDT   SUNSET   800 PM CDT


-  INDICATES NEGATIVE NUMBERS.
R  INDICATES RECORD WAS SET OR TIED.
MM INDICATES DATA IS MISSING.
T  INDICATES TRACE AMOUNT.




$$
