000
CDUS41 KRNK 202120
CLIRNK


CLIMATE REPORT
NATIONAL WEATHER SERVICE BLACKSBURG VA
519 PM EDT SUN MAY 20 2018


...................................

...THE BLACKSBURG VA CLIMATE SUMMARY FOR MAY 20 2018...
VALID TODAY AS OF 0500 PM LOCAL TIME.

CLIMATE NORMAL PERIOD 1981 TO 2010
CLIMATE RECORD PERIOD 1952 TO 2018


WEATHER ITEM   OBSERVED RECORD YEAR NORMAL DEPARTURE LAST
                VALUE   VALUE       VALUE  FROM      YEAR
                                           NORMAL
...........................................................
TEMPERATURE (F)
 TODAY
  MAXIMUM         82     89    1996  72     10       84
  MINIMUM         60     29    2002  48     12       60
  AVERAGE         71                 60     11       72

PRECIPITATION (IN)
  TODAY            T      1.10 1986   0.15  -0.15      T
  MONTH TO DATE    3.08               2.62   0.46     2.81
  SINCE MAR 1     12.15               9.74   2.41    11.97
  SINCE JAN 1     18.42              15.63   2.79    17.75

SNOWFALL (IN)
  TODAY            0.0                                0.0
  MONTH TO DATE    0.0                                0.0
  SINCE MAR 1     23.9                                1.1
  SINCE JUL 1     31.3                                7.7
  SNOW DEPTH       0

DEGREE DAYS
 HEATING
  TODAY            0                  6     -6        0
  MONTH TO DATE   33                155   -122      124
  SINCE MAR 1   1329               1312     17     1042
  SINCE JUL 1   4990               5360   -370     4134

 COOLING
  TODAY            6                  1      5        7
  MONTH TO DATE   44                  9     35       27
  SINCE MAR 1     44                 12     32       46
  SINCE JAN 1     45                 12     33       46
...........................................................


WIND (MPH)
  HIGHEST WIND SPEED     8   HIGHEST WIND DIRECTION    NW (300)
  HIGHEST GUST SPEED    MM   HIGHEST GUST DIRECTION    MM
  AVERAGE WIND SPEED     2.7


SKY COVER
  AVERAGE SKY COVER 0.6


WEATHER CONDITIONS
 THE FOLLOWING WEATHER WAS RECORDED TODAY.
  LIGHT RAIN
  FOG


RELATIVE HUMIDITY (PERCENT)
 HIGHEST   100           100 AM
 LOWEST     51           300 PM
 AVERAGE    76

..........................................................


THE BLACKSBURG VA CLIMATE NORMALS FOR TOMORROW
                         NORMAL    RECORD    YEAR
 MAXIMUM TEMPERATURE (F)   73        88      1996
 MINIMUM TEMPERATURE (F)   49        34      2002


SUNRISE AND SUNSET
MAY 20 2018...........SUNRISE   609 AM EDT   SUNSET   828 PM EDT
MAY 21 2018...........SUNRISE   609 AM EDT   SUNSET   828 PM EDT


-  INDICATES NEGATIVE NUMBERS.
R  INDICATES RECORD WAS SET OR TIED.
MM INDICATES DATA IS MISSING.
T  INDICATES TRACE AMOUNT.


REMARKS:
DUE TO MISSING TEMPERATURES FROM SEPTEMBER 8-10...THE HEATING DEGREE
DAY AND DEPARTURE FROM NORMAL WILL BE CALCULATED WITHOUT DATA FROM
THESE DATES.


$$

PW
