000
CDUS46 KSGX 261133
CLIRNM


CLIMATE REPORT
NATIONAL WEATHER SERVICE SAN DIEGO, CA
433 AM PDT THU APR 26 2018


...................................

...THE RAMONA AIRPORT CA CLIMATE SUMMARY FOR APRIL 25 2018...

CLIMATE NORMAL PERIOD 1981 TO 2010
CLIMATE RECORD PERIOD 1974 TO 2018


WEATHER ITEM   OBSERVED TIME   RECORD YEAR NORMAL DEPARTURE LAST
                VALUE   (LST)  VALUE       VALUE  FROM      YEAR
                                                  NORMAL
..................................................................
TEMPERATURE (F)
 YESTERDAY
  MAXIMUM         80    212 PM  93    2004  72      8       70
  MINIMUM         38    447 AM  34    1974  43     -5       48
  AVERAGE         59                        58      1       59

PRECIPITATION (IN)
  YESTERDAY        0.00          0.28 2015   0.05  -0.05     0.00
  MONTH TO DATE    0.02                      1.19  -1.17      T
  SINCE OCT 1      5.58                     14.84  -9.26    21.58
  SINCE JAN 1      5.54                     10.70  -5.16    14.56

DEGREE DAYS
 HEATING
  YESTERDAY        6                         8     -2        6
  MONTH TO DATE  134                       241   -107      134
  SINCE MAR 1    456                       616   -160      361
  SINCE JUL 1   1574                      2357   -783     1796

 COOLING
  YESTERDAY        0                         0      0        0
  MONTH TO DATE   10                         0     10        9
  SINCE MAR 1     10                         0     10       12
  SINCE JAN 1     26                         1     25       12
..................................................................


WIND (MPH)
  RESULTANT WIND SPEED   4   RESULTANT WIND DIRECTION   W (290)
  HIGHEST WIND SPEED    16   HIGHEST WIND DIRECTION    NW (300)
  HIGHEST GUST SPEED    22   HIGHEST GUST DIRECTION     W (280)
  AVERAGE WIND SPEED     4.9


SKY COVER
  POSSIBLE SUNSHINE  MM
  AVERAGE SKY COVER 0.0


WEATHER CONDITIONS
 THE FOLLOWING WEATHER WAS RECORDED YESTERDAY.
  FOG


RELATIVE HUMIDITY (PERCENT)
 HIGHEST    96           400 AM
 LOWEST     14           900 AM
 AVERAGE    55

..........................................................


THE RAMONA AIRPORT CA CLIMATE NORMALS FOR TODAY
                         NORMAL    RECORD    YEAR
 MAXIMUM TEMPERATURE (F)   72        96      2004
 MINIMUM TEMPERATURE (F)   44        32      1974


SUNRISE AND SUNSET
APRIL 26 2018.........SUNRISE   605 AM PDT   SUNSET   726 PM PDT
APRIL 27 2018.........SUNRISE   604 AM PDT   SUNSET   727 PM PDT


-  INDICATES NEGATIVE NUMBERS.
R  INDICATES RECORD WAS SET OR TIED.
MM INDICATES DATA IS MISSING.
T  INDICATES TRACE AMOUNT.




$$
