000
CDUS45 KABQ 220826
CLIROW


CLIMATE REPORT
NATIONAL WEATHER SERVICE ALBUQUERQUE NM
226 AM MDT SUN APR 22 2018


...................................

...THE ROSWELL NM CLIMATE SUMMARY FOR APRIL 21 2018...

CLIMATE NORMAL PERIOD 1981 TO 2010
CLIMATE RECORD PERIOD 1893 TO 2018


WEATHER ITEM   OBSERVED TIME   RECORD YEAR NORMAL DEPARTURE
                VALUE   (LST)  VALUE       VALUE  FROM
                                                  NORMAL
...............................................................
TEMPERATURE (F)
 YESTERDAY
  MAXIMUM         76    445 PM  99    1989  78     -2
  MINIMUM         44    500 AM  32    1907  46     -2
                                      1899
  AVERAGE         60                        62     -2

PRECIPITATION (IN)
  YESTERDAY        0.00          0.81 1905   0.02  -0.02
  MONTH TO DATE    0.00                      0.37  -0.37
  SINCE MAR 1      0.01                      0.88  -0.87
  SINCE JAN 1      0.62                      1.68  -1.06

SNOWFALL (IN)
  YESTERDAY        0.0
  MONTH TO DATE    0.0
  SINCE MAR 1      0.0
  SINCE JUL 1      0.0

DEGREE DAYS
 HEATING
  YESTERDAY        5                         4      1
  MONTH TO DATE   87                       134    -47
  SINCE MAR 1    350                       521   -171
  SINCE JUL 1   2717                      3228   -511

 COOLING
  YESTERDAY        0                         2     -2
  MONTH TO DATE   35                        17     18
  SINCE MAR 1     52                        20     32
  SINCE JAN 1     52                        20     32
...............................................................


WIND (MPH)
  HIGHEST WIND SPEED    26   HIGHEST WIND DIRECTION     N (340)
  HIGHEST GUST SPEED    31   HIGHEST GUST DIRECTION     N (340)
  AVERAGE WIND SPEED    11.8


SKY COVER
  AVERAGE SKY COVER 0.1


WEATHER CONDITIONS
 THE FOLLOWING WEATHER WAS RECORDED YESTERDAY.
  NO SIGNIFICANT WEATHER WAS OBSERVED.


RELATIVE HUMIDITY (PERCENT)
 HIGHEST    59          1000 PM
 LOWEST     14          1200 AM
 AVERAGE    37

..........................................................


THE ROSWELL NM CLIMATE NORMALS FOR TODAY
                         NORMAL    RECORD    YEAR
 MAXIMUM TEMPERATURE (F)   79       101      1965
 MINIMUM TEMPERATURE (F)   47        26      1907


SUNRISE AND SUNSET
APRIL 22 2018.........SUNRISE   620 AM MDT   SUNSET   734 PM MDT
APRIL 23 2018.........SUNRISE   619 AM MDT   SUNSET   735 PM MDT


-  INDICATES NEGATIVE NUMBERS.
R  INDICATES RECORD WAS SET OR TIED.
MM INDICATES DATA IS MISSING.
T  INDICATES TRACE AMOUNT.




$$
