000
CDUS46 KSTO 250841
CLISCK


CLIMATE REPORT
NATIONAL WEATHER SERVICE SACRAMENTO, CA
140 AM PDT WED APR 25 2018


...................................

...THE STOCKTON AIRPORT CA CLIMATE SUMMARY FOR APRIL 24 2018...

CLIMATE NORMAL PERIOD 1981 TO 2010
CLIMATE RECORD PERIOD 1948 TO 2018


WEATHER ITEM   OBSERVED TIME   RECORD YEAR NORMAL DEPARTURE LAST
                VALUE   (LST)  VALUE       VALUE  FROM      YEAR
                                                  NORMAL
..................................................................
TEMPERATURE (F)
 YESTERDAY
  MAXIMUM         87    318 PM  90    1966  75     12       65
  MINIMUM         53    537 AM  32    1964  47      6       52
  AVERAGE         70

PRECIPITATION (IN)
  YESTERDAY        0.00          0.25 1978   0.02  -0.02      T
  MONTH TO DATE    1.72                      0.83   0.89     1.86
  SINCE OCT 1      9.09                     13.00  -3.91    21.68
  SINCE JAN 1      8.13                      8.27  -0.14    15.52

SNOWFALL (IN)
  YESTERDAY        0.0          MM      MM
  MONTH TO DATE    0.0
  SINCE MAR 1      0.0
  SINCE JUL 1      0.0
  SNOW DEPTH       0

DEGREE DAYS
 HEATING
  YESTERDAY        0                         5     -5        6
  MONTH TO DATE  107                       164    -57      136
  SINCE MAR 1    407                       488    -81      363
  SINCE JUL 1   1992                      2550   -558     2072

 COOLING
  YESTERDAY        5                         1      4        0
  MONTH TO DATE   14                         7      7        0
  SINCE MAR 1     16                         7      9        1
  SINCE JAN 1     16                         7      9        1
..................................................................


WIND (MPH)
  RESULTANT WIND SPEED   7   RESULTANT WIND DIRECTION  NW (320)
  HIGHEST WIND SPEED    15   HIGHEST WIND DIRECTION    NW (320)
  HIGHEST GUST SPEED    20   HIGHEST GUST DIRECTION    NW (310)


SKY COVER
  POSSIBLE SUNSHINE  MM
  AVERAGE SKY COVER 0.0


WEATHER CONDITIONS
 THE FOLLOWING WEATHER WAS RECORDED YESTERDAY.
  NO SIGNIFICANT WEATHER WAS OBSERVED.


RELATIVE HUMIDITY (PERCENT)
 HIGHEST    86           200 AM
 LOWEST     27           300 PM
 AVERAGE    57

..........................................................


THE STOCKTON AIRPORT CA CLIMATE NORMALS FOR TODAY
                         NORMAL    RECORD    YEAR
 MAXIMUM TEMPERATURE (F)   75        92      2004
 MINIMUM TEMPERATURE (F)   48        38      1983
                                             1971
                                             1964


SUNRISE AND SUNSET
APRIL 25 2018.........SUNRISE   616 AM PDT   SUNSET   750 PM PDT
APRIL 26 2018.........SUNRISE   615 AM PDT   SUNSET   751 PM PDT


-  INDICATES NEGATIVE NUMBERS.
R  INDICATES RECORD WAS SET OR TIED.
MM INDICATES DATA IS MISSING.
T  INDICATES TRACE AMOUNT.




$$
