000
CDUS44 KSHV 232134
CLISHV


CLIMATE REPORT
NATIONAL WEATHER SERVICE SHREVEPORT, LA
434 PM CDT MON APR 23 2018


...................................

...THE SHREVEPORT CLIMATE SUMMARY FOR APRIL 23 2018...
VALID TODAY AS OF 0400 PM LOCAL TIME.

CLIMATE NORMAL PERIOD 1981 TO 2010
CLIMATE RECORD PERIOD 1874 TO 2018


WEATHER ITEM   OBSERVED TIME   RECORD YEAR NORMAL DEPARTURE LAST
                VALUE   (LST)  VALUE       VALUE  FROM      YEAR
                                                  NORMAL
..................................................................
TEMPERATURE (F)
 TODAY
  MAXIMUM         69    307 PM  89    2011  79    -10       72
                                      1988
                                      1925
  MINIMUM         50    617 AM  40    1884  56     -6       50
  AVERAGE         60                        67     -7       61

PRECIPITATION (IN)
  TODAY            0.00          1.92 1879   0.15  -0.15     0.00
  MONTH TO DATE    5.73                      3.19   2.54     3.58
  SINCE DEC 1     27.14                     21.05   6.09    12.31
  SINCE JAN 1     23.02                     16.28   6.74     9.17

SNOWFALL (IN)
  TODAY            0.0
  MONTH TO DATE    T
  SINCE MAR 1      T
  SINCE JUL 1      1.8
  SNOW DEPTH       0

DEGREE DAYS
 HEATING
  TODAY            5                         2      3        4
  MONTH TO DATE  132                        78     54       22
  SINCE MAR 1    274                       329    -55      156
  SINCE JUL 1   2034                      2211   -177     1187

 COOLING
  TODAY            0                         4     -4        0
  MONTH TO DATE   36                        63    -27      123
  SINCE MAR 1     98                        94      4      224
  SINCE JAN 1    136                       104     32      294
..................................................................


WIND (MPH)
  HIGHEST WIND SPEED    16   HIGHEST WIND DIRECTION     W (290)
  HIGHEST GUST SPEED    21   HIGHEST GUST DIRECTION     W (280)
  AVERAGE WIND SPEED     7.8


SKY COVER
  POSSIBLE SUNSHINE  MM
  AVERAGE SKY COVER 0.7


WEATHER CONDITIONS
 THE FOLLOWING WEATHER WAS RECORDED TODAY.
  NO SIGNIFICANT WEATHER WAS OBSERVED.


RELATIVE HUMIDITY (PERCENT)
 HIGHEST   100           700 AM
 LOWEST     67          1100 AM
 AVERAGE    84

..........................................................


THE SHREVEPORT CLIMATE NORMALS FOR TOMORROW
                         NORMAL    RECORD    YEAR
 MAXIMUM TEMPERATURE (F)   79        89      2011
                                             1999
                                             1992
 MINIMUM TEMPERATURE (F)   56        39      1910


SUNRISE AND SUNSET
APRIL 23 2018.........SUNRISE   637 AM CDT   SUNSET   751 PM CDT
APRIL 24 2018.........SUNRISE   636 AM CDT   SUNSET   751 PM CDT


-  INDICATES NEGATIVE NUMBERS.
R  INDICATES RECORD WAS SET OR TIED.
MM INDICATES DATA IS MISSING.
T  INDICATES TRACE AMOUNT.




$$
