000
CDUS44 KSJT 220746
CLISJT


CLIMATE REPORT
NATIONAL WEATHER SERVICE SAN ANGELO TX
245 AM CDT SUN APR 22 2018


...................................

...THE SAN ANGELO CLIMATE SUMMARY FOR APRIL 21 2018...

CLIMATE NORMAL PERIOD 1981 TO 2010
CLIMATE RECORD PERIOD 1907 TO 2018


WEATHER ITEM   OBSERVED TIME   RECORD YEAR NORMAL DEPARTURE LAST
                VALUE   (LST)  VALUE       VALUE  FROM      YEAR
                                                  NORMAL
..................................................................
TEMPERATURE (F)
 YESTERDAY
  MAXIMUM         85    325 PM 101    1925  82      3       93
  MINIMUM         53   1158 PM  36    1912  53      0       64
  AVERAGE         69                        68      1       79

PRECIPITATION (IN)
  YESTERDAY        0.09          2.31 1926   0.04   0.05     0.00
  MONTH TO DATE    0.09                      0.92  -0.83     1.46
  SINCE MAR 1      1.29                      2.42  -1.13     1.71
  SINCE JAN 1      2.66                      4.70  -2.04     4.42

SNOWFALL (IN)
  YESTERDAY        0.0           0.0  2002   0.0    0.0      0.0
  MONTH TO DATE    0.0                       0.0    0.0       T
  SINCE NOV 1      T                         2.2   -2.2       T
  SINCE JUL 1      T                         2.2   -2.2       T
  SNOW DEPTH       0

DEGREE DAYS
 HEATING
  YESTERDAY        0                         2     -2        0
  MONTH TO DATE   81                        75      6       32
  SINCE MAR 1    232                       332   -100      152
  SINCE JUL 1   2070                      2293   -223     1476

 COOLING
  YESTERDAY        4                         5     -1       14
  MONTH TO DATE   65                        68     -3      116
  SINCE MAR 1    150                       101     49      233
  SINCE JAN 1    169                       106     63      260
..................................................................


WIND (MPH)
  HIGHEST WIND SPEED    29   HIGHEST WIND DIRECTION     N (360)
  HIGHEST GUST SPEED    35   HIGHEST GUST DIRECTION     W (250)
  AVERAGE WIND SPEED    13.4


SKY COVER
  POSSIBLE SUNSHINE  MM
  AVERAGE SKY COVER 0.4


WEATHER CONDITIONS
 THE FOLLOWING WEATHER WAS RECORDED YESTERDAY.
  LIGHT RAIN
  FOG


RELATIVE HUMIDITY (PERCENT)
 HIGHEST   100           500 AM
 LOWEST     17          1100 AM
 AVERAGE    59

..........................................................


THE SAN ANGELO CLIMATE NORMALS FOR TODAY
                         NORMAL    RECORD    YEAR
 MAXIMUM TEMPERATURE (F)   82        99      1925
                                             1924
 MINIMUM TEMPERATURE (F)   54        37      1998
                                             1931


SUNRISE AND SUNSET
APRIL 22 2018.........SUNRISE   706 AM CDT   SUNSET   815 PM CDT
APRIL 23 2018.........SUNRISE   705 AM CDT   SUNSET   816 PM CDT


-  INDICATES NEGATIVE NUMBERS.
R  INDICATES RECORD WAS SET OR TIED.
MM INDICATES DATA IS MISSING.
T  INDICATES TRACE AMOUNT.




$$
