000
CDUS45 KSLC 201226
CLISLC


CLIMATE REPORT
NATIONAL WEATHER SERVICE SALT LAKE CITY UT
626 AM MDT SUN MAY 20 2018


...................................

...THE SALT LAKE CITY UT CLIMATE SUMMARY FOR MAY 19 2018...

CLIMATE NORMAL PERIOD 1981 TO 2010
CLIMATE RECORD PERIOD 1874 TO 2018


WEATHER ITEM   OBSERVED TIME   RECORD YEAR NORMAL DEPARTURE LAST
                VALUE   (LST)  VALUE       VALUE  FROM      YEAR
                                                  NORMAL
..................................................................
TEMPERATURE (F)
 YESTERDAY
  MAXIMUM         77    423 PM  93    1958  73      4       60
  MINIMUM         53    351 AM  31    1960  49      4       46
  AVERAGE         65                        61      4       53

PRECIPITATION (IN)
  YESTERDAY        0.00          1.08 1957   0.06  -0.06     0.00
  MONTH TO DATE    0.78                      1.26  -0.48     0.40
  SINCE OCT 1      9.28                     11.92  -2.64    15.43
  SINCE JAN 1      7.15                      7.54  -0.39    10.79

SNOWFALL (IN)
  YESTERDAY        0.0           T    2015   0.0    0.0      0.0
                                      1975
                                      1945
  MONTH TO DATE    0.0                       0.3   -0.3      0.1
  SINCE OCT 1     43.5                      56.2  -12.7     51.4
  SINCE JUL 1     43.5                      56.2  -12.7     51.4
  SNOW DEPTH       0

DEGREE DAYS
 HEATING
  YESTERDAY        0                         6     -6       12
  MONTH TO DATE   84                       153    -69      115
  SINCE MAR 1    963                      1253   -290     1002
  SINCE JUL 1   4499                      5509  -1010     4755

 COOLING
  YESTERDAY        0                         2     -2        0
  MONTH TO DATE   35                        20     15       29
  SINCE MAR 1     46                        24     22       31
  SINCE JAN 1     46                        24     22       31
..................................................................


WIND (MPH)
  RESULTANT WIND SPEED   2   RESULTANT WIND DIRECTION   W (290)
  HIGHEST WIND SPEED    14   HIGHEST WIND DIRECTION    NW (330)
  HIGHEST GUST SPEED    21   HIGHEST GUST DIRECTION     W (280)
  AVERAGE WIND SPEED     5.5


SKY COVER
  POSSIBLE SUNSHINE  MM
  AVERAGE SKY COVER 0.1


WEATHER CONDITIONS
 THE FOLLOWING WEATHER WAS RECORDED YESTERDAY.
  NO SIGNIFICANT WEATHER WAS OBSERVED.


RELATIVE HUMIDITY (PERCENT)
 HIGHEST    71           400 AM
 LOWEST     25           500 PM
 AVERAGE    48

..........................................................


THE SALT LAKE CITY UT CLIMATE NORMALS FOR TODAY
                         NORMAL    RECORD    YEAR
 MAXIMUM TEMPERATURE (F)   73        93      2008
 MINIMUM TEMPERATURE (F)   49        33      1959
                                             1908


SUNRISE AND SUNSET
MAY 20 2018...........SUNRISE   606 AM MDT   SUNSET   843 PM MDT
MAY 21 2018...........SUNRISE   605 AM MDT   SUNSET   844 PM MDT


-  INDICATES NEGATIVE NUMBERS.
R  INDICATES RECORD WAS SET OR TIED.
MM INDICATES DATA IS MISSING.
T  INDICATES TRACE AMOUNT.




$$
