000
CDUS46 KPQR 200221
CLISLE


CLIMATE REPORT
NATIONAL WEATHER SERVICE PORTLAND OREGON
721 PM PDT THU APR 19 2018


...................................

...THE SALEM OR CLIMATE SUMMARY FOR APRIL 19 2018...
VALID TODAY AS OF 0700 PM LOCAL TIME.

CLIMATE NORMAL PERIOD 1981 TO 2010
CLIMATE RECORD PERIOD 1892 TO 2018


WEATHER ITEM   OBSERVED TIME   RECORD YEAR NORMAL DEPARTURE LAST
                VALUE   (LST)  VALUE       VALUE  FROM      YEAR
                                                  NORMAL
..................................................................
TEMPERATURE (F)
 TODAY
  MAXIMUM         68    404 PM  85    2016  62      6       59
  MINIMUM         36    554 AM  26    1967  40     -4       47
  AVERAGE         52                        51      1       53

PRECIPITATION (IN)
  TODAY            0.00          1.01 1997   0.09  -0.09     0.38
                                      1897
  MONTH TO DATE    5.02                      1.92   3.10     2.42
  SINCE OCT 1     32.87                     32.82   0.05    52.22
  SINCE JAN 1     17.77                     16.43   1.34    28.92

DEGREE DAYS
 HEATING
  TODAY           13                        14     -1       12
  MONTH TO DATE  274                       294    -20      282
  SINCE MAR 1    866                       857      9      801
  SINCE JUL 1   3791                      4097   -306     3959

 COOLING
  TODAY            0                         0      0        0
  MONTH TO DATE    0                         0      0        0
  SINCE MAR 1      0                         0      0        0
  SINCE JAN 1      0                         0      0        0
..................................................................


WIND (MPH)
  HIGHEST WIND SPEED    13   HIGHEST WIND DIRECTION    NW (320)
  HIGHEST GUST SPEED    19   HIGHEST GUST DIRECTION     N (360)
  AVERAGE WIND SPEED     4.0


SKY COVER
  POSSIBLE SUNSHINE  MM
  AVERAGE SKY COVER 0.0


WEATHER CONDITIONS
 THE FOLLOWING WEATHER WAS RECORDED TODAY.
  NO SIGNIFICANT WEATHER WAS OBSERVED.


RELATIVE HUMIDITY (PERCENT)
 HIGHEST    92           200 AM
 LOWEST     31           600 PM
 AVERAGE    62

..........................................................


THE SALEM OR CLIMATE NORMALS FOR TOMORROW
                         NORMAL    RECORD    YEAR
 MAXIMUM TEMPERATURE (F)   62        85      1934
                                             1906
 MINIMUM TEMPERATURE (F)   40        26      1982


SUNRISE AND SUNSET
APRIL 19 2018.........SUNRISE   620 AM PDT   SUNSET   803 PM PDT
APRIL 20 2018.........SUNRISE   619 AM PDT   SUNSET   804 PM PDT


-  INDICATES NEGATIVE NUMBERS.
R  INDICATES RECORD WAS SET OR TIED.
MM INDICATES DATA IS MISSING.
T  INDICATES TRACE AMOUNT.




$$
