000
CDUS41 KBTV 250548
CLISLK


CLIMATE REPORT
NATIONAL WEATHER SERVICE BURLINGTON VT
146 AM EDT WED APR 25 2018


...................................

...THE SARANAC LAKE NY CLIMATE SUMMARY FOR APRIL 24 2018...

CLIMATE NORMAL PERIOD 1981 TO 2010
CLIMATE RECORD PERIOD 9999 TO 9999


WEATHER ITEM   OBSERVED TIME   NORMAL DEPARTURE LAST
                VALUE   (LST)  VALUE  FROM      YEAR
                                      NORMAL
......................................................
TEMPERATURE (F)
 YESTERDAY
  MAXIMUM         65    333 PM  55     10       61
  MINIMUM         25    401 AM  29     -4       27
  AVERAGE         45            42      3       44

PRECIPITATION (IN)
  YESTERDAY        0.00          0.09  -0.09     0.00
  MONTH TO DATE    2.69          2.26   0.43     2.41
  SINCE MAR 1      3.07          4.54  -1.47     4.53
  SINCE JAN 1      8.27          8.28  -0.01     9.07

DEGREE DAYS
 HEATING
  YESTERDAY       20            23     -3       21
  MONTH TO DATE  843           679    164      553
  SINCE MAR 1   2097          1936    161     1947
  SINCE JUL 1   8495          8641   -146     7643

 COOLING
  YESTERDAY        0             0      0        0
  MONTH TO DATE    0             0      0        0
  SINCE MAR 1      0             0      0        0
  SINCE JAN 1      0             0      0        0
......................................................


WIND (MPH)
  HIGHEST WIND SPEED    17   HIGHEST WIND DIRECTION    SW (210)
  HIGHEST GUST SPEED    26   HIGHEST GUST DIRECTION    SW (210)
  AVERAGE WIND SPEED     4.6


SKY COVER
  AVERAGE SKY COVER 0.0


WEATHER CONDITIONS
 THE FOLLOWING WEATHER WAS RECORDED YESTERDAY.
  NO SIGNIFICANT WEATHER WAS OBSERVED.


RELATIVE HUMIDITY (PERCENT)
 HIGHEST    88           400 AM
 LOWEST     13           300 PM
 AVERAGE    51

..........................................................


THE SARANAC LAKE NY CLIMATE NORMALS FOR TODAY
                         NORMAL    RECORD    YEAR
 MAXIMUM TEMPERATURE (F)   55        82      2009
 MINIMUM TEMPERATURE (F)   29        16      2016
                                             2014


SUNRISE AND SUNSET
APRIL 25 2018.........SUNRISE   557 AM EDT   SUNSET   754 PM EDT
APRIL 26 2018.........SUNRISE   555 AM EDT   SUNSET   755 PM EDT


-  INDICATES NEGATIVE NUMBERS.
R  INDICATES RECORD WAS SET OR TIED.
MM INDICATES DATA IS MISSING.
T  INDICATES TRACE AMOUNT.




$$
