000
CDUS46 KLOX 220112
CLISMX


CLIMATE REPORT
NATIONAL WEATHER SERVICE LOS ANGELES/OXNARD CA
612 PM PDT MON MAY 21 2018


...................................

...THE SANTA MARIA AIRPORT CA CLIMATE SUMMARY FOR MAY 21 2018...
VALID TODAY AS OF 0600 PM LOCAL TIME.

CLIMATE NORMAL PERIOD 1981 TO 2010
CLIMATE RECORD PERIOD 1906 TO 2018


WEATHER ITEM   OBSERVED TIME   RECORD YEAR NORMAL DEPARTURE LAST
                VALUE   (LST)  VALUE       VALUE  FROM      YEAR
                                                  NORMAL
..................................................................
TEMPERATURE (F)
 TODAY
  MAXIMUM         62    114 PM  90    1911  69     -7       76
  MINIMUM         49    317 AM  36    1933  48      1       49
  AVERAGE         56                        58     -2       63

PRECIPITATION (IN)
  TODAY            0.00          1.29 2006   0.01  -0.01     0.00
  MONTH TO DATE    T                         0.26  -0.26     0.34
  SINCE OCT 1      6.01                     13.67  -7.66    18.44
  SINCE JAN 1      5.89                      9.62  -3.73    13.64

SNOWFALL (IN)
  TODAY            0.0
  MONTH TO DATE    0.0
  SINCE MAR 1      0.0
  SINCE JUL 1      0.0

DEGREE DAYS
 HEATING
  TODAY            9                         7      2
  MONTH TO DATE  133                       157    -24
  SINCE MAR 1    655                       783   -128
  SINCE JUL 1   1771                      2616   -845

 COOLING
  TODAY            0                         0      0
  MONTH TO DATE    0                         0      0
  SINCE MAR 1      7                         5      2
  SINCE JAN 1      7                         6      1
..................................................................


WIND (MPH)
  HIGHEST WIND SPEED    16   HIGHEST WIND DIRECTION     W (290)
  HIGHEST GUST SPEED    20   HIGHEST GUST DIRECTION     W (280)
  AVERAGE WIND SPEED     9.7


SKY COVER
  POSSIBLE SUNSHINE  MM
  AVERAGE SKY COVER 1.0


WEATHER CONDITIONS
 THE FOLLOWING WEATHER WAS RECORDED TODAY.
  FOG
  HAZE


RELATIVE HUMIDITY (PERCENT)
 HIGHEST    89           300 AM
 LOWEST     64           100 PM
 AVERAGE    77

..........................................................


THE SANTA MARIA AIRPORT CA CLIMATE NORMALS FOR TOMORROW
                         NORMAL    RECORD    YEAR
 MAXIMUM TEMPERATURE (F)   69        88      1930
 MINIMUM TEMPERATURE (F)   48        36      1927


SUNRISE AND SUNSET
MAY 21 2018...........SUNRISE   554 AM PDT   SUNSET   803 PM PDT
MAY 22 2018...........SUNRISE   554 AM PDT   SUNSET   804 PM PDT


-  INDICATES NEGATIVE NUMBERS.
R  INDICATES RECORD WAS SET OR TIED.
MM INDICATES DATA IS MISSING.
T  INDICATES TRACE AMOUNT.




$$
