000
CDUS46 KSGX 190021
CLISNA


CLIMATE REPORT
NATIONAL WEATHER SERVICE SAN DIEGO, CA
521 PM PDT WED APR 18 2018


...................................

...THE JOHN WAYNE AIRPORT CA CLIMATE SUMMARY FOR APRIL 18 2018...
VALID TODAY AS OF 0500 PM LOCAL TIME.

CLIMATE NORMAL PERIOD 1981 TO 2010
CLIMATE RECORD PERIOD 1999 TO 2018


WEATHER ITEM   OBSERVED TIME   RECORD YEAR NORMAL DEPARTURE LAST
                VALUE   (LST)  VALUE       VALUE  FROM      YEAR
                                                  NORMAL
..................................................................
TEMPERATURE (F)
 TODAY
  MAXIMUM         70    140 PM  87    2016  69      1       75
  MINIMUM         51    528 AM  50    2006  54     -3       61
  AVERAGE         61                        62     -1       68

PRECIPITATION (IN)
  TODAY            0.00          T    2017   0.04  -0.04      T
  MONTH TO DATE    0.00                      0.51  -0.51     0.04
  SINCE OCT 1      2.66                     12.35  -9.69    15.80
  SINCE JAN 1      2.65                      8.27  -5.62     9.61

DEGREE DAYS
 HEATING
  TODAY            4                         4      0        0
  MONTH TO DATE   35                        81    -46       30
  SINCE MAR 1    181                       262    -81      114
  SINCE JUL 1    645                      1168   -523      855

 COOLING
  TODAY            0                         0      0        3
  MONTH TO DATE   22                         0     22        8
  SINCE MAR 1     22                         7     15       16
  SINCE JAN 1     48                        15     33       16
..................................................................


WIND (MPH)
  RESULTANT WIND SPEED   6   RESULTANT WIND DIRECTION  SW (210)
  HIGHEST WIND SPEED    15   HIGHEST WIND DIRECTION     S (200)
  HIGHEST GUST SPEED    20   HIGHEST GUST DIRECTION    SW (210)
  AVERAGE WIND SPEED     7.2


SKY COVER
  POSSIBLE SUNSHINE  MM
  AVERAGE SKY COVER 0.1


WEATHER CONDITIONS
 THE FOLLOWING WEATHER WAS RECORDED TODAY.
  NO SIGNIFICANT WEATHER WAS OBSERVED.


RELATIVE HUMIDITY (PERCENT)
 HIGHEST    72           100 AM
 LOWEST     39           400 PM
 AVERAGE    56

..........................................................


THE JOHN WAYNE AIRPORT CA CLIMATE NORMALS FOR TOMORROW
                         NORMAL    RECORD    YEAR
 MAXIMUM TEMPERATURE (F)   69        94      2009
 MINIMUM TEMPERATURE (F)   54        49      2007


SUNRISE AND SUNSET
APRIL 18 2018.........SUNRISE   617 AM PDT   SUNSET   725 PM PDT
APRIL 19 2018.........SUNRISE   616 AM PDT   SUNSET   726 PM PDT


-  INDICATES NEGATIVE NUMBERS.
R  INDICATES RECORD WAS SET OR TIED.
MM INDICATES DATA IS MISSING.
T  INDICATES TRACE AMOUNT.




$$
