667
CDAK48 PAFC 260117
CLISNP


CLIMATE REPORT
NATIONAL WEATHER SERVICE ANCHORAGE, AK
516 PM AKDT WED APR 25 2018


...................................

...THE SAINT PAUL ISLAND CLIMATE SUMMARY FOR APRIL 25 2018...
VALID TODAY AS OF 0500 PM LOCAL TIME.

CLIMATE NORMAL PERIOD 1981 TO 2010
CLIMATE RECORD PERIOD 1892 TO 2018


WEATHER ITEM   OBSERVED TIME   RECORD YEAR NORMAL DEPARTURE LAST
                VALUE   (LST)  VALUE       VALUE  FROM      YEAR
                                                  NORMAL
..................................................................
TEMPERATURE (F)
 TODAY
  MAXIMUM         42        MM  46    2016  36      6       39
  MINIMUM         27    200 AM   6    1976  28     -1       33
  AVERAGE         35                        32      3       36

PRECIPITATION (IN)
  TODAY            0.02          0.55 1958   0.03  -0.01     0.01
  MONTH TO DATE    1.67                      0.90   0.77     0.96
  SINCE MAR 1      4.04                      1.97   2.07     1.06
  SINCE JAN 1      7.02                      4.85   2.17     4.15

SNOWFALL (IN)
  TODAY            0.0          MM      MM   0.1   -0.1       T
  MONTH TO DATE    T                         5.1   -5.1      0.2
  SINCE MAR 1      4.1                      13.1   -9.0      0.6
  SINCE JUL 1     14.6                      58.1  -43.5     48.8
  SNOW DEPTH       0

DEGREE DAYS
 HEATING
  TODAY           30                        33     -3       29
  MONTH TO DATE  757                       908   -151      836
  SINCE MAR 1   1732                      2153   -421     2045
  SINCE JUL 1   7727                      9070  -1343     7920

 COOLING
  TODAY            0                         0      0        0
  MONTH TO DATE    0                         0      0        0
  SINCE MAR 1      0                         0      0        0
  SINCE JAN 1      0                         0      0        0
..................................................................


WIND (MPH)
  RESULTANT WIND SPEED   8   RESULTANT WIND DIRECTION   W (270)
  HIGHEST WIND SPEED    15   HIGHEST WIND DIRECTION    SW (240)
  HIGHEST GUST SPEED    22   HIGHEST GUST DIRECTION     W (270)
  AVERAGE WIND SPEED     8.7



WEATHER CONDITIONS
 THE FOLLOWING WEATHER WAS RECORDED TODAY.
  LIGHT RAIN


..........................................................


THE SAINT PAUL ISLAND CLIMATE NORMALS FOR TOMORROW
                         NORMAL    RECORD    YEAR
 MAXIMUM TEMPERATURE (F)   36        45      2016
 MINIMUM TEMPERATURE (F)   28        -2      1976


SUNRISE AND SUNSET
APRIL 25 2018.........SUNRISE   746 AM AKDT  SUNSET  1053 PM AKDT
APRIL 26 2018.........SUNRISE   744 AM AKDT  SUNSET  1055 PM AKDT


-  INDICATES NEGATIVE NUMBERS.
R  INDICATES RECORD WAS SET OR TIED.
MM INDICATES DATA IS MISSING.
T  INDICATES TRACE AMOUNT.




$$
