000
CDUS43 KILX 232132
CLISPI


CLIMATE REPORT
NATIONAL WEATHER SERVICE LINCOLN IL
432 PM CDT MON APR 23 2018


...................................

...THE SPRINGFIELD IL CLIMATE SUMMARY FOR APRIL 23 2018...
VALID TODAY AS OF 0400 PM LOCAL TIME.

CLIMATE NORMAL PERIOD 1981 TO 2010
CLIMATE RECORD PERIOD 1879 TO 2018


WEATHER ITEM   OBSERVED TIME   RECORD YEAR NORMAL DEPARTURE LAST
                VALUE   (LST)  VALUE       VALUE  FROM      YEAR
                                                  NORMAL
..................................................................
TEMPERATURE (F)
 TODAY
  MAXIMUM         70    129 PM  89    1925  68      2       74
  MINIMUM         50    613 AM  23    1956  45      5       37
  AVERAGE         60                        56      4       56

PRECIPITATION (IN)
  TODAY            T             1.54 1975   0.13  -0.13     0.00
  MONTH TO DATE    2.05                      2.60  -0.55     2.79
  SINCE MAR 1      6.41                      5.23   1.18     7.05
  SINCE JAN 1     11.13                      8.86   2.27     8.52

SNOWFALL (IN)
  TODAY            0.0           1.6  1910   0.0    0.0      0.0
  MONTH TO DATE    4.8                       0.3    4.5      0.0
  SINCE MAR 1      4.8                       2.8    2.0      4.6
  SINCE JUL 1     11.8                      20.9   -9.1     10.3
  SNOW DEPTH       0

DEGREE DAYS
 HEATING
  TODAY            5                        10     -5        9
  MONTH TO DATE  463                       307    156      158
  SINCE MAR 1   1213                      1018    195      755
  SINCE JUL 1   5191                      5289    -98     4010

 COOLING
  TODAY            0                         1     -1        0
  MONTH TO DATE   10                        12     -2       33
  SINCE MAR 1     10                        14     -4       33
  SINCE JAN 1     10                        14     -4       33
..................................................................


WIND (MPH)
  HIGHEST WIND SPEED    22   HIGHEST WIND DIRECTION     E (70)
  HIGHEST GUST SPEED    28   HIGHEST GUST DIRECTION    NE (50)
  AVERAGE WIND SPEED    13.9


SKY COVER
  POSSIBLE SUNSHINE  MM
  AVERAGE SKY COVER 0.8


WEATHER CONDITIONS
 THE FOLLOWING WEATHER WAS RECORDED TODAY.
  NO SIGNIFICANT WEATHER WAS OBSERVED.


RELATIVE HUMIDITY (PERCENT)
 HIGHEST    67           300 PM
 LOWEST     40          1200 AM
 AVERAGE    54

..........................................................


THE SPRINGFIELD IL CLIMATE NORMALS FOR TOMORROW
                         NORMAL    RECORD    YEAR
 MAXIMUM TEMPERATURE (F)   68        89      1925
 MINIMUM TEMPERATURE (F)   45        22      1910


SUNRISE AND SUNSET
APRIL 23 2018.........SUNRISE   610 AM CDT   SUNSET   745 PM CDT
APRIL 24 2018.........SUNRISE   608 AM CDT   SUNSET   746 PM CDT


-  INDICATES NEGATIVE NUMBERS.
R  INDICATES RECORD WAS SET OR TIED.
MM INDICATES DATA IS MISSING.
T  INDICATES TRACE AMOUNT.




$$
