000
CDUS44 KOUN 212215 RRA
CLISPS

CLIMATE REPORT
NATIONAL WEATHER SERVICE NORMAN OK
514 PM CDT SAT APR 21 2018


...................................

...THE WICHITA FALLS CLIMATE SUMMARY FOR APRIL 21 2018...
VALID TODAY AS OF 0500 PM LOCAL TIME.

CLIMATE NORMAL PERIOD 1981 TO 2010
CLIMATE RECORD PERIOD 1897 TO 2018


WEATHER ITEM   OBSERVED TIME   RECORD YEAR NORMAL DEPARTURE LAST
                VALUE   (LST)  VALUE       VALUE  FROM      YEAR
                                                  NORMAL
..................................................................
TEMPERATURE (F)
 TODAY
  MAXIMUM         60   1208 AM  97    1925  77    -17       76
  MINIMUM         52    212 PM  34    1966  51      1       53
  AVERAGE         56                        64     -8       65

PRECIPITATION (IN)
  TODAY            1.19          1.44 1985   0.11   1.08     0.14
  MONTH TO DATE    1.19                      1.60  -0.41     0.90
  SINCE MAR 1      3.98                      3.80   0.18     1.65
  SINCE JAN 1      6.84                      6.69   0.15     5.62

SNOWFALL (IN)
  TODAY            0.0           0.0  2002   0.0    0.0      0.0
  MONTH TO DATE    0.0                       0.0    0.0      0.0
  SINCE MAR 1      0.0                       0.5   -0.5      0.0
  SINCE JUL 1      1.0                       3.9   -2.9       T

DEGREE DAYS
 HEATING
  TODAY            9                         4      5        0
  MONTH TO DATE  205                       119     86       49
  SINCE MAR 1    457                       476    -19      253
  SINCE JUL 1   2843                      2922    -79     2097

 COOLING
  TODAY            0                         3     -3        0
  MONTH TO DATE   33                        40     -7       55
  SINCE MAR 1     61                        59      2      112
  SINCE JAN 1     70                        62      8      130
..................................................................


WIND (MPH)
  HIGHEST WIND SPEED    24   HIGHEST WIND DIRECTION    SE (150)
  HIGHEST GUST SPEED    29   HIGHEST GUST DIRECTION    SE (150)
  AVERAGE WIND SPEED    12.1


SKY COVER
  AVERAGE SKY COVER 1.0


WEATHER CONDITIONS
 THE FOLLOWING WEATHER WAS RECORDED TODAY.
  THUNDERSTORM
  HEAVY RAIN
  RAIN
  LIGHT RAIN
  FOG


RELATIVE HUMIDITY (PERCENT)
 HIGHEST   100           700 AM
 LOWEST     49          1200 AM
 AVERAGE    75

..........................................................


THE WICHITA FALLS CLIMATE NORMALS FOR TOMORROW
                         NORMAL    RECORD    YEAR
 MAXIMUM TEMPERATURE (F)   78       100      2009
 MINIMUM TEMPERATURE (F)   51        35      1931


SUNRISE AND SUNSET
APRIL 21 2018.........SUNRISE   656 AM CDT   SUNSET   810 PM CDT
APRIL 22 2018.........SUNRISE   655 AM CDT   SUNSET   811 PM CDT


-  INDICATES NEGATIVE NUMBERS.
R  INDICATES RECORD WAS SET OR TIED.
MM INDICATES DATA IS MISSING.
T  INDICATES TRACE AMOUNT.

$$
