000
CDUS45 KPUB 241037
CLITAD


CLIMATE REPORT
NATIONAL WEATHER SERVICE PUEBLO
436 AM MDT TUE APR 24 2018


...................................

...THE TRINIDAD CO CLIMATE SUMMARY FOR APRIL 23 2018...

CLIMATE NORMAL PERIOD 1981 TO 2010
CLIMATE RECORD PERIOD 9999 TO 9999


WEATHER ITEM   OBSERVED TIME   NORMAL DEPARTURE LAST
                VALUE   (LST)  VALUE  FROM      YEAR
                                      NORMAL
......................................................
TEMPERATURE (F)
 YESTERDAY
  MAXIMUM         75    328 PM  67      8       80
  MINIMUM         35    546 AM  36     -1       36
  AVERAGE         55            52      3       58

PRECIPITATION (IN)
  YESTERDAY        0.01          0.04  -0.03     0.00
  MONTH TO DATE    0.22          0.84  -0.62     1.40
  SINCE MAR 1      0.87          1.73  -0.86     3.31
  SINCE JAN 1      1.29          2.62  -1.33     4.87

DEGREE DAYS
 HEATING
  YESTERDAY       10            13     -3        7
  MONTH TO DATE  366           377    -11      274
  SINCE MAR 1    955          1084   -129      745
  SINCE JUL 1   4479          5206   -727     4201

 COOLING
  YESTERDAY        0             0      0        0
  MONTH TO DATE    1             0      1        2
  SINCE MAR 1      1             0      1        3
  SINCE JAN 1      1             0      1        3
......................................................


WIND (MPH)
  HIGHEST WIND SPEED    21   HIGHEST WIND DIRECTION    NE (30)
  HIGHEST GUST SPEED    31   HIGHEST GUST DIRECTION     N (20)
  AVERAGE WIND SPEED     6.1


SKY COVER
  POSSIBLE SUNSHINE  MM
  AVERAGE SKY COVER 0.1


WEATHER CONDITIONS
 THE FOLLOWING WEATHER WAS RECORDED YESTERDAY.
  LIGHT RAIN


RELATIVE HUMIDITY (PERCENT)
 HIGHEST    85           600 AM
 LOWEST     17           500 PM
 AVERAGE    51

..........................................................




SUNRISE AND SUNSET
APRIL 24 2018.........SUNRISE   611 AM MDT   SUNSET   741 PM MDT
APRIL 25 2018.........SUNRISE   610 AM MDT   SUNSET   741 PM MDT


-  INDICATES NEGATIVE NUMBERS.
R  INDICATES RECORD WAS SET OR TIED.
MM INDICATES DATA IS MISSING.
T  INDICATES TRACE AMOUNT.




$$
