000
CDUS44 KBMX 232117
CLITCL


CLIMATE REPORT
NATIONAL WEATHER SERVICE BIRMINGHAM, AL
417 PM CDT WED MAY 23 2018


...................................

...THE TUSCALOOSA CLIMATE SUMMARY FOR MAY 23 2018...
VALID TODAY AS OF 0400 PM LOCAL TIME.

CLIMATE NORMAL PERIOD 1981 TO 2010
CLIMATE RECORD PERIOD 1948 TO 2018


WEATHER ITEM   OBSERVED TIME   RECORD YEAR NORMAL DEPARTURE LAST
                VALUE   (LST)  VALUE       VALUE  FROM      YEAR
                                                  NORMAL
..................................................................
TEMPERATURE (F)
 TODAY
  MAXIMUM         90   1156 AM  96    1996  85      5       77
  MINIMUM         70    520 AM  48    2001  62      8       66
  AVERAGE         80                        74      6       72

PRECIPITATION (IN)
  TODAY            T             1.54 1976   0.13  -0.13     0.54
  MONTH TO DATE    2.28                      2.95  -0.67     3.01
  SINCE MAR 1     14.13                     11.70   2.43    14.30
  SINCE JAN 1     25.93                     22.37   3.56    25.51

DEGREE DAYS
 COOLING
  TODAY           15                         9      6
  MONTH TO DATE  244                       146     98
  SINCE MAR 1    297                       229     68
  SINCE JAN 1    351                       234    117
..................................................................


WIND (MPH)
  HIGHEST WIND SPEED    15   HIGHEST WIND DIRECTION     N (350)
  HIGHEST GUST SPEED    20   HIGHEST GUST DIRECTION     N (360)
  AVERAGE WIND SPEED     2.6


SKY COVER
  AVERAGE SKY COVER 0.3


WEATHER CONDITIONS
 THE FOLLOWING WEATHER WAS RECORDED TODAY.
  THUNDERSTORM
  FOG
  HAZE


RELATIVE HUMIDITY (PERCENT)
 HIGHEST    97           300 AM
 LOWEST     52          1100 AM
 AVERAGE    75

..........................................................


THE TUSCALOOSA CLIMATE NORMALS FOR TOMORROW
                         NORMAL    RECORD    YEAR
 MAXIMUM TEMPERATURE (F)   85        97      1996
 MINIMUM TEMPERATURE (F)   62        50      2002


SUNRISE AND SUNSET
MAY 23 2018...........SUNRISE   546 AM CDT   SUNSET   749 PM CDT
MAY 24 2018...........SUNRISE   545 AM CDT   SUNSET   750 PM CDT


-  INDICATES NEGATIVE NUMBERS.
R  INDICATES RECORD WAS SET OR TIED.
MM INDICATES DATA IS MISSING.
T  INDICATES TRACE AMOUNT.




$$
