000
CDUS42 KTBW 222120
CLITPA


CLIMATE REPORT
NATIONAL WEATHER SERVICE TAMPA BAY FL
516 PM EDT TUE MAY 22 2018


...................................

...THE TAMPA CLIMATE SUMMARY FOR MAY 22 2018...
VALID TODAY AS OF 0500 PM LOCAL TIME.

CLIMATE NORMAL PERIOD 1981 TO 2010
CLIMATE RECORD PERIOD 1890 TO 2018


WEATHER ITEM   OBSERVED TIME   RECORD YEAR NORMAL DEPARTURE LAST
                VALUE   (LST)  VALUE       VALUE  FROM      YEAR
                                                  NORMAL
..................................................................
TEMPERATURE (F)
 TODAY
  MAXIMUM         86    204 PM  95    1975  88     -2       91
                                      1965
  MINIMUM         73    356 PM  54    1994  71      2       76
  AVERAGE         80                        80      0       84

PRECIPITATION (IN)
  TODAY            1.33          2.62 1906   0.08   1.25     0.00
  MONTH TO DATE    4.99                      1.27   3.72     1.32
  SINCE MAR 1      7.50                      6.33   1.17     2.90
  SINCE JAN 1     15.21                     11.37   3.84     5.86

DEGREE DAYS
 HEATING
  TODAY            0                         0      0        0
  MONTH TO DATE    0                         0      0        0
  SINCE MAR 1     67                        67      0       28
  SINCE JUL 1    338                       538   -200      164

 COOLING
  TODAY           15                        15      0       19
  MONTH TO DATE  302                       278     24      353
  SINCE MAR 1    706                       625     81      912
  SINCE JAN 1   1023                       738    285     1165
..................................................................


WIND (MPH)
  RESULTANT WIND SPEED   5   RESULTANT WIND DIRECTION   E (110)
  HIGHEST WIND SPEED    17   HIGHEST WIND DIRECTION    SW (230)
  HIGHEST GUST SPEED    21   HIGHEST GUST DIRECTION    SW (230)
  AVERAGE WIND SPEED     5.1


SKY COVER
  POSSIBLE SUNSHINE  MM
  AVERAGE SKY COVER 0.7


WEATHER CONDITIONS
 THE FOLLOWING WEATHER WAS RECORDED TODAY.
  THUNDERSTORM
  HEAVY RAIN
  LIGHT RAIN
  FOG


RELATIVE HUMIDITY (PERCENT)
 HIGHEST    93           400 AM
 LOWEST     65           200 PM

..........................................................


THE TAMPA CLIMATE NORMALS FOR TOMORROW
                         NORMAL    RECORD    YEAR
 MAXIMUM TEMPERATURE (F)   89        95      1975
 MINIMUM TEMPERATURE (F)   71        58      1892


SUNRISE AND SUNSET
MAY 22 2018...........SUNRISE   637 AM EDT   SUNSET   817 PM EDT
MAY 23 2018...........SUNRISE   637 AM EDT   SUNSET   817 PM EDT


-  INDICATES NEGATIVE NUMBERS.
R  INDICATES RECORD WAS SET OR TIED.
MM INDICATES DATA IS MISSING.
T  INDICATES TRACE AMOUNT.




$$


&&
------------------------------------------------------------------
******************** SUPPLEMENTAL DATA ***************************

...RUSKIN                HIGH 84    LOW 71    PCPN 0.02
...SARASOTA/BRADENTON    HIGH 86    LOW 72    PCPN 0.69
...LAKELAND*             HIGH 84    LOW 72    PCPN 0.10
...ST. PETERSBURG        HIGH 80    LOW 71    PCPN 1.01
...GULF WATER TEMPERATURE AT CLEARWATER BEACH 80 DEGREES

*LAKELAND DATA IS FROM 4:30 PM MONDAY TO 4:30 PM TUESDAY
AND MAY REFLECT YESTERDAYS RAINFALL AND HIGH TEMPERATURE.
