000
CDUS46 KPQR 200221
CLITTD


CLIMATE REPORT
NATIONAL WEATHER SERVICE PORTLAND OREGON
721 PM PDT THU APR 19 2018


...................................

...THE TROUTDALE OR CLIMATE SUMMARY FOR APRIL 19 2018...
VALID TODAY AS OF 0700 PM LOCAL TIME.

CLIMATE NORMAL PERIOD 1981 TO 2010
CLIMATE RECORD PERIOD 1948 TO 2018


WEATHER ITEM   OBSERVED TIME   RECORD YEAR NORMAL DEPARTURE LAST
                VALUE   (LST)  VALUE       VALUE  FROM      YEAR
                                                  NORMAL
..................................................................
TEMPERATURE (F)
 TODAY
  MAXIMUM         68    505 PM  88    2016  62      6       57
  MINIMUM         37    542 AM  31    1982  41     -4       47
  AVERAGE         53                        52      1       52

PRECIPITATION (IN)
  TODAY            0.00                      0.13  -0.13     0.25
  MONTH TO DATE    3.72                      2.52   1.20     2.74
  SINCE OCT 1     27.94                     36.83  -8.89    41.59
  SINCE JAN 1     13.60                     18.43  -4.83    20.50

DEGREE DAYS
 HEATING
  TODAY           12                        13     -1       13
  MONTH TO DATE  261                       272    -11      252

 COOLING
  TODAY            0                         0      0        0
  MONTH TO DATE    0                         0      0        0
..................................................................


WIND (MPH)
  HIGHEST WIND SPEED    12   HIGHEST WIND DIRECTION     W (260)
  HIGHEST GUST SPEED    16   HIGHEST GUST DIRECTION     W (260)
  AVERAGE WIND SPEED     3.6


SKY COVER
  POSSIBLE SUNSHINE  MM
  AVERAGE SKY COVER 0.0


WEATHER CONDITIONS
 THE FOLLOWING WEATHER WAS RECORDED TODAY.
  NO SIGNIFICANT WEATHER WAS OBSERVED.


RELATIVE HUMIDITY (PERCENT)
 HIGHEST    92           400 AM
 LOWEST     19           300 PM
 AVERAGE    56

..........................................................


THE TROUTDALE OR CLIMATE NORMALS FOR TOMORROW
                         NORMAL    RECORD    YEAR
 MAXIMUM TEMPERATURE (F)   62        84      1956
 MINIMUM TEMPERATURE (F)   41        30      1952


SUNRISE AND SUNSET
APRIL 19 2018.........SUNRISE   617 AM PDT   SUNSET   801 PM PDT
APRIL 20 2018.........SUNRISE   615 AM PDT   SUNSET   803 PM PDT


-  INDICATES NEGATIVE NUMBERS.
R  INDICATES RECORD WAS SET OR TIED.
MM INDICATES DATA IS MISSING.
T  INDICATES TRACE AMOUNT.




$$
