000
CDUS41 KPHI 220553
CLITTN


CLIMATE REPORT
NATIONAL WEATHER SERVICE MOUNT HOLLY NJ
152 AM EDT TUE MAY 22 2018


...................................

...THE TRENTON NJ CLIMATE SUMMARY FOR MAY 21 2018...

CLIMATE NORMAL PERIOD 1981 TO 2010
CLIMATE RECORD PERIOD 1865 TO 2018


WEATHER ITEM   OBSERVED TIME   RECORD YEAR NORMAL DEPARTURE LAST
                VALUE   (LST)  VALUE       VALUE  FROM      YEAR
                                                  NORMAL
..................................................................
TEMPERATURE (F)
 YESTERDAY
  MAXIMUM         78    522 PM  94    1934  73      5       70
  MINIMUM         57    447 AM  36    2002  52      5       46
  AVERAGE         68                        63      5       58

PRECIPITATION (IN)
  YESTERDAY        0.00          3.43 1894   0.17  -0.17      T
  MONTH TO DATE    4.09                      2.54   1.55     3.31
  SINCE MAR 1     12.43                     10.22   2.21    11.08
  SINCE JAN 1     20.98                     15.69   5.29    15.82

DEGREE DAYS
 HEATING
  YESTERDAY        0                         4     -4        7
  MONTH TO DATE   52                       136    -84      147
  SINCE MAR 1   1330                      1290     40     1196
  SINCE JUL 1   4817                      5104   -287     4415

 COOLING
  YESTERDAY        3                         2      1        0
  MONTH TO DATE   53                        25     28       47
  SINCE MAR 1     59                        33     26       78
  SINCE JAN 1     62                        33     29       78
..................................................................


WIND (MPH)
  HIGHEST WIND SPEED    15   HIGHEST WIND DIRECTION     S (170)
  HIGHEST GUST SPEED    20   HIGHEST GUST DIRECTION    SE (150)
  AVERAGE WIND SPEED     4.5


SKY COVER
  POSSIBLE SUNSHINE  MM
  AVERAGE SKY COVER 0.0


WEATHER CONDITIONS
 THE FOLLOWING WEATHER WAS RECORDED YESTERDAY.
  NO SIGNIFICANT WEATHER WAS OBSERVED.


RELATIVE HUMIDITY (PERCENT)
 HIGHEST    93           400 AM
 LOWEST     36           400 PM
 AVERAGE    65

..........................................................


THE TRENTON NJ CLIMATE NORMALS FOR TODAY
                         NORMAL    RECORD    YEAR
 MAXIMUM TEMPERATURE (F)   74        95      1941
                                             1911
 MINIMUM TEMPERATURE (F)   52        36      2002


SUNRISE AND SUNSET
MAY 22 2018...........SUNRISE   537 AM EDT   SUNSET   815 PM EDT
MAY 23 2018...........SUNRISE   537 AM EDT   SUNSET   816 PM EDT


-  INDICATES NEGATIVE NUMBERS.
R  INDICATES RECORD WAS SET OR TIED.
MM INDICATES DATA IS MISSING.
T  INDICATES TRACE AMOUNT.




$$
