000
CDUS43 KLSX 220730
CLIUIN


CLIMATE REPORT
NATIONAL WEATHER SERVICE ST LOUIS MO
230 AM CDT SUN APR 22 2018


...................................

...THE QUINCY IL CLIMATE SUMMARY FOR APRIL 21 2018...

CLIMATE NORMAL PERIOD 1981 TO 2010
CLIMATE RECORD PERIOD 1901 TO 2018


WEATHER ITEM   OBSERVED TIME   RECORD YEAR NORMAL DEPARTURE LAST
                VALUE   (LST)  VALUE       VALUE  FROM      YEAR
                                                  NORMAL
..................................................................
TEMPERATURE (F)
 YESTERDAY
  MAXIMUM         63    345 PM  90    1902  65     -2       58
  MINIMUM         45    548 AM  26    1904  45      0       44
  AVERAGE         54                        55     -1

PRECIPITATION (IN)
  YESTERDAY        0.00          2.86 1973   0.12  -0.12     0.00
  MONTH TO DATE    0.63                      2.49  -1.86     2.00
  SINCE MAR 1      4.01                      4.95  -0.94     5.18
  SINCE JAN 1      8.13                      8.35  -0.22     7.23

DEGREE DAYS
 HEATING
  YESTERDAY       11                        11      0
  MONTH TO DATE  500                       289    211
  SINCE MAR 1   1275                      1007    268
  SINCE JUL 1   5442                      5349     93

 COOLING
  YESTERDAY        0                         1     -1
  MONTH TO DATE    6                         8     -2
  SINCE MAR 1      6                        10     -4
  SINCE JAN 1      6                        10     -4
..................................................................


WIND (MPH)
  HIGHEST WIND SPEED    22   HIGHEST WIND DIRECTION     E (70)
  HIGHEST GUST SPEED    30   HIGHEST GUST DIRECTION    SE (120)
  AVERAGE WIND SPEED    11.4


SKY COVER
  AVERAGE SKY COVER 0.1



RELATIVE HUMIDITY (PERCENT)
 HIGHEST    45           500 AM
 LOWEST     27           100 PM
 AVERAGE    36

..........................................................


THE QUINCY IL CLIMATE NORMALS FOR TODAY
                         NORMAL    RECORD    YEAR
 MAXIMUM TEMPERATURE (F)   66        89      1925
 MINIMUM TEMPERATURE (F)   45        27      1986


SUNRISE AND SUNSET
APRIL 22 2018.........SUNRISE   617 AM CDT   SUNSET   750 PM CDT
APRIL 23 2018.........SUNRISE   615 AM CDT   SUNSET   751 PM CDT


-  INDICATES NEGATIVE NUMBERS.
R  INDICATES RECORD WAS SET OR TIED.
MM INDICATES DATA IS MISSING.
T  INDICATES TRACE AMOUNT.




$$
