000
CDUS44 KCRP 200814 RRA
CLIVCT

CLIMATE REPORT
NATIONAL WEATHER SERVICE CORPUS CHRISTI TX
314 AM CDT FRI APR 20 2018


...................................

...THE VICTORIA CLIMATE SUMMARY FOR APRIL 19 2018...

CLIMATE NORMAL PERIOD 1981 TO 2010
CLIMATE RECORD PERIOD 1893 TO 2018


WEATHER ITEM   OBSERVED TIME   RECORD YEAR NORMAL DEPARTURE LAST
                VALUE   (LST)  VALUE       VALUE  FROM      YEAR
                                                  NORMAL
..................................................................
TEMPERATURE (F)
 YESTERDAY
  MAXIMUM         82    310 PM  93    2011  81      1       85
  MINIMUM         54   1159 PM  44    1953  60     -6       66
                                      1940
  AVERAGE         68                        71     -3       76

PRECIPITATION (IN)
  YESTERDAY        0.00          1.65 1949   0.09  -0.09      T
  MONTH TO DATE    0.75                      1.70  -0.95     2.78
  SINCE MAR 1      2.70                      4.47  -1.77     7.76
  SINCE JAN 1      4.88                      9.07  -4.19    16.36

SNOWFALL (IN)
  YESTERDAY        0.0
  MONTH TO DATE    0.0
  SINCE MAR 1      0.0
  SINCE JUL 1      2.0
  SNOW DEPTH       0

DEGREE DAYS
 HEATING
  YESTERDAY        0                         1     -1        0
  MONTH TO DATE   29                        26      3        2
  SINCE MAR 1     84                       151    -67       36
  SINCE JUL 1   1131                      1244   -113      567

 COOLING
  YESTERDAY        3                         6     -3       11
  MONTH TO DATE   86                        94     -8      144
  SINCE MAR 1    236                       168     68      324
  SINCE JAN 1    326                       206    120      531
..................................................................


WIND (MPH)
  HIGHEST WIND SPEED    23   HIGHEST WIND DIRECTION    NE (40)
  HIGHEST GUST SPEED    30   HIGHEST GUST DIRECTION    NE (50)
  AVERAGE WIND SPEED    10.3


SKY COVER
  POSSIBLE SUNSHINE  MM
  AVERAGE SKY COVER 0.5


WEATHER CONDITIONS
 THE FOLLOWING WEATHER WAS RECORDED YESTERDAY.
  NO SIGNIFICANT WEATHER WAS OBSERVED.


RELATIVE HUMIDITY (PERCENT)
 HIGHEST    84          1200 AM
 LOWEST     21           100 PM
 AVERAGE    53

..........................................................


THE VICTORIA CLIMATE NORMALS FOR TODAY
                         NORMAL    RECORD    YEAR
 MAXIMUM TEMPERATURE (F)   81        93      1903
 MINIMUM TEMPERATURE (F)   61        37      2013


SUNRISE AND SUNSET
APRIL 20 2018.........SUNRISE   657 AM CDT   SUNSET   757 PM CDT
APRIL 21 2018.........SUNRISE   656 AM CDT   SUNSET   757 PM CDT


-  INDICATES NEGATIVE NUMBERS.
R  INDICATES RECORD WAS SET OR TIED.
MM INDICATES DATA IS MISSING.
T  INDICATES TRACE AMOUNT.




$$
