000
CDUS43 KSGF 210639
CLIVIH


CLIMATE REPORT
NATIONAL WEATHER SERVICE SPRINGFIELD MO
138 AM CDT MON MAY 21 2018


...................................

...THE VICHY-ROLLA MO CLIMATE SUMMARY FOR MAY 20 2018...

CLIMATE NORMAL PERIOD 1981 TO 2010
CLIMATE RECORD PERIOD 1888 TO 2018


WEATHER ITEM   OBSERVED TIME   RECORD YEAR NORMAL DEPARTURE LAST
                VALUE   (LST)  VALUE       VALUE  FROM      YEAR
                                                  NORMAL
..................................................................
TEMPERATURE (F)
 YESTERDAY
  MAXIMUM         79    423 PM  92    1902  75      4       76
  MINIMUM         62    538 AM  36    2002  54      8       57
  AVERAGE         71                        65      6       67

PRECIPITATION (IN)
  YESTERDAY        1.49          1.58 2013   0.17   1.32     1.03
  MONTH TO DATE    4.49                      3.26   1.23     4.84
  SINCE MAR 1      9.87                     10.93  -1.06    19.07
  SINCE JAN 1     16.92                     15.03   1.89    21.13

DEGREE DAYS
 HEATING
  YESTERDAY        0                         3     -3        0
  MONTH TO DATE    5                        92    -87       78
  SINCE MAR 1   1145                      1020    125      781
  SINCE JUL 1   4720                      4810    -90     3767

 COOLING
  YESTERDAY        6                         3      3        2
  MONTH TO DATE  103                        40     63       53
  SINCE MAR 1    113                        66     47       88
  SINCE JAN 1    113                        66     47       89
..................................................................


WIND (MPH)
  HIGHEST WIND SPEED    28   HIGHEST WIND DIRECTION     W (270)
  HIGHEST GUST SPEED    44   HIGHEST GUST DIRECTION     W (270)
  AVERAGE WIND SPEED     8.4


SKY COVER
  AVERAGE SKY COVER 0.3


WEATHER CONDITIONS
 THE FOLLOWING WEATHER WAS RECORDED YESTERDAY.
  THUNDERSTORM
  HEAVY RAIN
  RAIN
  LIGHT RAIN
  FOG


RELATIVE HUMIDITY (PERCENT)
 HIGHEST   100          1100 PM
 LOWEST     62           400 PM
 AVERAGE    81

..........................................................


THE VICHY-ROLLA MO CLIMATE NORMALS FOR TODAY
                         NORMAL    RECORD    YEAR
 MAXIMUM TEMPERATURE (F)   76        90      1902
 MINIMUM TEMPERATURE (F)   55        40      2002


SUNRISE AND SUNSET
MAY 21 2018...........SUNRISE   552 AM CDT   SUNSET   816 PM CDT
MAY 22 2018...........SUNRISE   551 AM CDT   SUNSET   817 PM CDT


-  INDICATES NEGATIVE NUMBERS.
R  INDICATES RECORD WAS SET OR TIED.
MM INDICATES DATA IS MISSING.
T  INDICATES TRACE AMOUNT.




$$
