693
CDUS42 KTAE 230633
CLIVLD


CLIMATE REPORT
NATIONAL WEATHER SERVICE TALLAHASSEE FL
232 AM EDT MON APR 23 2018


...................................

...THE VALDOSTA CLIMATE SUMMARY FOR APRIL 22 2018...

CLIMATE NORMAL PERIOD 1981 TO 2010
CLIMATE RECORD PERIOD 1948 TO 2018


WEATHER ITEM   OBSERVED TIME   NORMAL DEPARTURE LAST
                VALUE   (LST)  VALUE  FROM      YEAR
                                      NORMAL
......................................................
TEMPERATURE (F)
 YESTERDAY
  MAXIMUM         79    342 PM  81     -2       86
  MINIMUM         63    614 AM  54      9       56
  AVERAGE         71            67      4       71

PRECIPITATION (IN)
  YESTERDAY        1.78          0.09   1.69     0.00
  MONTH TO DATE    4.38          2.34   2.04     1.92
  SINCE MAR 1      6.20          7.21  -1.01     3.12
  SINCE JAN 1     12.07         15.94  -3.87    13.43

SNOWFALL (IN)
  YESTERDAY        0.0
  MONTH TO DATE    0.0
  SINCE MAR 1      0.0
  SINCE JUL 1      0.6

DEGREE DAYS
 HEATING
  YESTERDAY        0             1     -1        0
  MONTH TO DATE   61            60      1       27
  SINCE MAR 1    333           246     87      201
  SINCE JUL 1   1580          1626    -46      987

 COOLING
  YESTERDAY        6             4      2        6
  MONTH TO DATE   31            57    -26       92
  SINCE MAR 1     65            90    -25      149
  SINCE JAN 1    148           100     48      195
......................................................


WIND (MPH)
  HIGHEST WIND SPEED    20   HIGHEST WIND DIRECTION    SE (150)
  HIGHEST GUST SPEED    27   HIGHEST GUST DIRECTION    SE (140)
  AVERAGE WIND SPEED     9.7




RELATIVE HUMIDITY (PERCENT)
 HIGHEST   100
 LOWEST     60
 AVERAGE    80

..........................................................




SUNRISE AND SUNSET
APRIL 23 2018.........SUNRISE   657 AM EDT   SUNSET   806 PM EDT
APRIL 24 2018.........SUNRISE   656 AM EDT   SUNSET   807 PM EDT


-  INDICATES NEGATIVE NUMBERS.
R  INDICATES RECORD WAS SET OR TIED.
MM INDICATES DATA IS MISSING.
T  INDICATES TRACE AMOUNT.




$$
