000
CDUS43 KLOT 230643
CLIVPZ


CLIMATE REPORT
NATIONAL WEATHER SERVICE CHICAGO IL
142 AM CDT MON APR 23 2018


...................................

...THE VALPARAISO CLIMATE SUMMARY FOR APRIL 22 2018...

CLIMATE NORMAL PERIOD 1981 TO 2010
CLIMATE RECORD PERIOD 1998 TO 2018


WEATHER ITEM   OBSERVED TIME   RECORD YEAR NORMAL DEPARTURE LAST
                VALUE   (LST)  VALUE       VALUE  FROM      YEAR
                                                  NORMAL
..................................................................
TEMPERATURE (F)
 YESTERDAY
  MAXIMUM         68    345 PM  82    2007  62      6       59
  MINIMUM         43    327 AM  31    2003  41      2       40
  AVERAGE         56                        52      4       50

PRECIPITATION (IN)
  YESTERDAY        0.00          1.05 1999   0.10  -0.10     0.00
  MONTH TO DATE    1.25                      2.44  -1.19     3.34
  SINCE MAR 1      2.26                      4.92  -2.66     6.39
  SINCE JAN 1      8.28                      8.09   0.19     9.83

DEGREE DAYS
 HEATING
  YESTERDAY        9                        14     -5       15
  MONTH TO DATE  534                       384    150      256
  SINCE MAR 1   1390                      1229    161     1038
  SINCE JUL 1   5692                      5961   -269     4752

 COOLING
  YESTERDAY        0                         0      0        0
  MONTH TO DATE    0                         0      0        6
  SINCE MAR 1      0                         0      0        6
  SINCE JAN 1      0                         0      0        6
..................................................................


WIND (MPH)
  RESULTANT WIND SPEED  11   RESULTANT WIND DIRECTION   E (80)
  HIGHEST WIND SPEED    22   HIGHEST WIND DIRECTION     E (70)
  HIGHEST GUST SPEED    29   HIGHEST GUST DIRECTION     E (90)
  AVERAGE WIND SPEED    11.8



WEATHER CONDITIONS
 THE FOLLOWING WEATHER WAS RECORDED YESTERDAY.
  NO SIGNIFICANT WEATHER WAS OBSERVED.


..........................................................


THE VALPARAISO CLIMATE NORMALS FOR TODAY
                         NORMAL    RECORD    YEAR
 MAXIMUM TEMPERATURE (F)   63        78      2008
 MINIMUM TEMPERATURE (F)   41        29      2015


SUNRISE AND SUNSET
APRIL 23 2018.........SUNRISE   556 AM CDT   SUNSET   737 PM CDT
APRIL 24 2018.........SUNRISE   555 AM CDT   SUNSET   738 PM CDT


-  INDICATES NEGATIVE NUMBERS.
R  INDICATES RECORD WAS SET OR TIED.
MM INDICATES DATA IS MISSING.
T  INDICATES TRACE AMOUNT.




$$
