000
CDUS43 KLBF 230939
CLIVTN


CLIMATE REPORT
NATIONAL WEATHER SERVICE NORTH PLATTE
437 AM CDT MON APR 23 2018


...................................

...THE VALENTINE NE CLIMATE SUMMARY FOR APRIL 22 2018...

CLIMATE NORMAL PERIOD 1981 TO 2010
CLIMATE RECORD PERIOD 1885 TO 2018


WEATHER ITEM   OBSERVED TIME   RECORD YEAR NORMAL DEPARTURE LAST
                VALUE   (LST)  VALUE       VALUE  FROM      YEAR
                                                  NORMAL
..................................................................
TEMPERATURE (F)
 YESTERDAY
  MAXIMUM         63    508 PM  96    1989  63      0       68
  MINIMUM         37    624 AM  18    2013  35      2       28
  AVERAGE         50                        49      1       48

PRECIPITATION (IN)
  YESTERDAY        0.00          1.60 2001   0.08  -0.08     0.00
  MONTH TO DATE    1.75                      1.50   0.25     1.23
  SINCE MAR 1      3.29                      2.57   0.72     1.99
  SINCE JAN 1      4.56                      3.31   1.25     4.06

SNOWFALL (IN)
  YESTERDAY        0.0           7.9  1970   0.1   -0.1      0.0
  MONTH TO DATE   15.7                       3.8   11.9      0.7
  SINCE MAR 1     25.8                      10.3   15.5      2.7
  SINCE JUL 1     45.5                      32.4   13.1     44.5
  SNOW DEPTH       0

DEGREE DAYS
 HEATING
  YESTERDAY       15                        16     -1       17
  MONTH TO DATE  634                       439    195      297
  SINCE MAR 1   1513                      1332    181     1058
  SINCE JUL 1   6606                      6568     38     5817

 COOLING
  YESTERDAY        0                         0      0        0
  MONTH TO DATE    0                         0      0        2
  SINCE MAR 1      0                         0      0        2
  SINCE JAN 1      0                         0      0        2
..................................................................


WIND (MPH)
  HIGHEST WIND SPEED    21   HIGHEST WIND DIRECTION     S (180)
  HIGHEST GUST SPEED    26   HIGHEST GUST DIRECTION     S (170)
  AVERAGE WIND SPEED     9.3


SKY COVER
  POSSIBLE SUNSHINE  MM
  AVERAGE SKY COVER 0.3


WEATHER CONDITIONS
 THE FOLLOWING WEATHER WAS RECORDED YESTERDAY.
  FOG


RELATIVE HUMIDITY (PERCENT)
 HIGHEST    92           100 AM
 LOWEST     36           500 PM
 AVERAGE    64

..........................................................


THE VALENTINE NE CLIMATE NORMALS FOR TODAY
                         NORMAL    RECORD    YEAR
 MAXIMUM TEMPERATURE (F)   63        91      1906
 MINIMUM TEMPERATURE (F)   36        12      2013


SUNRISE AND SUNSET
APRIL 23 2018.........SUNRISE   648 AM CDT   SUNSET   834 PM CDT
APRIL 24 2018.........SUNRISE   646 AM CDT   SUNSET   835 PM CDT


-  INDICATES NEGATIVE NUMBERS.
R  INDICATES RECORD WAS SET OR TIED.
MM INDICATES DATA IS MISSING.
T  INDICATES TRACE AMOUNT.




$$
