000
CDUS46 KPQR 241151
CLIVUO


CLIMATE REPORT
NATIONAL WEATHER SERVICE PORTLAND OREGON
450 AM PDT THU MAY 24 2018


...................................

...THE VANCOUVER WA CLIMATE SUMMARY FOR MAY 23 2018...

CLIMATE NORMAL PERIOD 1981 TO 2010
CLIMATE RECORD PERIOD 1891 TO 2018


WEATHER ITEM   OBSERVED TIME   RECORD YEAR NORMAL DEPARTURE LAST
                VALUE   (LST)  VALUE       VALUE  FROM      YEAR
                                                  NORMAL
..................................................................
TEMPERATURE (F)
 YESTERDAY
  MAXIMUM         81    525 PM  92    1947  70     11       85
  MINIMUM         55    458 AM  36    1978  50      5       52
  AVERAGE         68                        60      8       69

PRECIPITATION (IN)
  YESTERDAY        0.00                      0.07  -0.07     0.00
  MONTH TO DATE    0.11                      1.94  -1.83     1.78
  SINCE OCT 1     27.91                     33.80  -5.89    47.63
  SINCE JAN 1     13.72                     18.05  -4.33    27.77

DEGREE DAYS
 HEATING
  YESTERDAY        0                                         0
  MONTH TO DATE   79                                       176
  SINCE JUL 1   4054                                      4408

 COOLING
  YESTERDAY        3                                         4
  MONTH TO DATE   18                                        26
  SINCE JAN 1     21                                        26
..................................................................


WIND (MPH)
  HIGHEST WIND SPEED    10   HIGHEST WIND DIRECTION     N (360)
  HIGHEST GUST SPEED    16   HIGHEST GUST DIRECTION    NW (300)
  AVERAGE WIND SPEED     3.5


SKY COVER
  POSSIBLE SUNSHINE  MM
  AVERAGE SKY COVER 0.2


WEATHER CONDITIONS
 THE FOLLOWING WEATHER WAS RECORDED YESTERDAY.
  NO SIGNIFICANT WEATHER WAS OBSERVED.


RELATIVE HUMIDITY (PERCENT)
 HIGHEST    86           500 AM
 LOWEST     42           500 PM
 AVERAGE    64

..........................................................




SUNRISE AND SUNSET
MAY 24 2018...........SUNRISE   530 AM PDT   SUNSET   845 PM PDT
MAY 25 2018...........SUNRISE   530 AM PDT   SUNSET   846 PM PDT


-  INDICATES NEGATIVE NUMBERS.
R  INDICATES RECORD WAS SET OR TIED.
MM INDICATES DATA IS MISSING.
T  INDICATES TRACE AMOUNT.




$$
