000
CDUS46 KLOX 242240
CLIWJF


CLIMATE REPORT
NATIONAL WEATHER SERVICE LOS ANGELES/OXNARD CA
335 PM PDT TUE APR 24 2018


...................................

...THE LANCASTER CLIMATE SUMMARY FOR APRIL 24 2018...
VALID TODAY AS OF 0300 PM LOCAL TIME.

CLIMATE NORMAL PERIOD 1981 TO 2010
CLIMATE RECORD PERIOD 1948 TO 2018


WEATHER ITEM   OBSERVED TIME   RECORD YEAR NORMAL DEPARTURE LAST
                VALUE   (LST)  VALUE       VALUE  FROM      YEAR
                                                  NORMAL
..................................................................
TEMPERATURE (F)
 TODAY
  MAXIMUM         86    100 PM  93    1953  76     10       70
  MINIMUM         54    500 AM  31    1971  47      7       52
  AVERAGE         70                        61      9       61

PRECIPITATION (IN)
  TODAY            0.00          0.04 1967   0.01  -0.01     0.00
  MONTH TO DATE    0.09                      0.30  -0.21      T
  SINCE OCT 1      2.76                      6.85  -4.09     6.51
  SINCE JAN 1      2.74                      4.72  -1.98     4.52

SNOWFALL (IN)
  TODAY            0.0           0.0    MM   0.0             0.0
  MONTH TO DATE    0.0                       0.0             0.0
  SINCE MAR 1      0.0                       0.0             0.0
  SINCE JUL 1      0.0                       2.3             0.0
  SNOW DEPTH       0

DEGREE DAYS
 HEATING
  TODAY            0                         5     -5        4
  MONTH TO DATE  104                       181    -77      109
  SINCE MAR 1    490                       549    -59      390
  SINCE JUL 1   2475                      2842   -367     2389

 COOLING
  TODAY            5                         1      4        0
  MONTH TO DATE   38                        15     23        6
  SINCE MAR 1     38                        17     21       10
  SINCE JAN 1     38                        17     21       10
..................................................................


WIND (MPH)
  HIGHEST WIND SPEED    16   HIGHEST WIND DIRECTION    SW (210)
  HIGHEST GUST SPEED    MM   HIGHEST GUST DIRECTION    MM
  AVERAGE WIND SPEED     9.0


SKY COVER
  POSSIBLE SUNSHINE  MM
  AVERAGE SKY COVER 0.0


WEATHER CONDITIONS
 THE FOLLOWING WEATHER WAS RECORDED TODAY.
  NO SIGNIFICANT WEATHER WAS OBSERVED.


RELATIVE HUMIDITY (PERCENT)
 HIGHEST    45           500 AM
 LOWEST     13          1200 PM
 AVERAGE    29

..........................................................


THE LANCASTER CLIMATE NORMALS FOR TOMORROW
                         NORMAL    RECORD    YEAR
 MAXIMUM TEMPERATURE (F)   76        91      1987
 MINIMUM TEMPERATURE (F)   48        34      1960


SUNRISE AND SUNSET
APRIL 24 2018.........SUNRISE   610 AM PDT   SUNSET   732 PM PDT
APRIL 25 2018.........SUNRISE   609 AM PDT   SUNSET   733 PM PDT


-  INDICATES NEGATIVE NUMBERS.
R  INDICATES RECORD WAS SET OR TIED.
MM INDICATES DATA IS MISSING.
T  INDICATES TRACE AMOUNT.




$$
