000
CDUS41 KPBZ 232116
CLIZZV


CLIMATE REPORT
NATIONAL WEATHER SERVICE PITTSBURGH PA
514 PM EDT MON APR 23 2018


...................................

...THE ZANESVILLE OH CLIMATE SUMMARY FOR APRIL 23 2018...
VALID TODAY AS OF 0500 PM LOCAL TIME.

CLIMATE NORMAL PERIOD 1981 TO 2010
CLIMATE RECORD PERIOD 1895 TO 2018


WEATHER ITEM   OBSERVED TIME   RECORD YEAR NORMAL DEPARTURE LAST
                VALUE   (LST)  VALUE       VALUE  FROM      YEAR
                                                  NORMAL
..................................................................
TEMPERATURE (F)
 TODAY
  MAXIMUM         71   1229 PM  88    1985  66      5       68
  MINIMUM         49    615 AM  22    1936  42      7       37
  AVERAGE         60                        54      6       53

PRECIPITATION (IN)
  TODAY            0.00          2.38 1907   0.11  -0.11     0.00
  MONTH TO DATE    4.23                      2.65   1.58     1.83
  SINCE JUN 1     37.68                     32.88   4.80    30.95
  SINCE JAN 1     14.82                     10.48   4.34    12.33

DEGREE DAYS
 HEATING
  TODAY            5                        11     -6       12
  MONTH TO DATE  439                       341     98      213
  SINCE MAR 1   1292                      1094    198      914
  SINCE JUL 1   5241                      5285    -44     4266

 COOLING
  TODAY            0                         0      0        0
  MONTH TO DATE   10                         0     10       16
  SINCE MAR 1     10                         1      9       18
  SINCE JAN 1     15                         1     14       19
..................................................................


WIND (MPH)
  HIGHEST WIND SPEED    22   HIGHEST WIND DIRECTION     S (200)
  HIGHEST GUST SPEED    27   HIGHEST GUST DIRECTION     S (190)
  AVERAGE WIND SPEED     9.5


SKY COVER
  POSSIBLE SUNSHINE  MM
  AVERAGE SKY COVER 0.1


WEATHER CONDITIONS
 THE FOLLOWING WEATHER WAS RECORDED TODAY.
  NO SIGNIFICANT WEATHER WAS OBSERVED.


RELATIVE HUMIDITY (PERCENT)
 HIGHEST    71           600 AM
 LOWEST     31           200 PM
 AVERAGE    51

..........................................................


THE ZANESVILLE OH CLIMATE NORMALS FOR TOMORROW
                         NORMAL    RECORD    YEAR
 MAXIMUM TEMPERATURE (F)   66        90      1925
 MINIMUM TEMPERATURE (F)   42        24      2015


SUNRISE AND SUNSET
APRIL 23 2018.........SUNRISE   638 AM EDT   SUNSET   814 PM EDT
APRIL 24 2018.........SUNRISE   637 AM EDT   SUNSET   815 PM EDT


-  INDICATES NEGATIVE NUMBERS.
R  INDICATES RECORD WAS SET OR TIED.
MM INDICATES DATA IS MISSING.
T  INDICATES TRACE AMOUNT.




$$
