000
CXUS53 KGRR 011011
CLMAZO
CLIMATE REPORT
NATIONAL WEATHER SERVICE GRAND RAPIDS, MICHIGAN
511 AM EST FRI MAR 01 2024
...................................
...THE KALAMAZOO CLIMATE SUMMARY FOR THE MONTH OF FEBRUARY 2024...
CLIMATE NORMAL PERIOD: 1991 TO 2020
CLIMATE RECORD PERIOD: 1887 TO 2024
WEATHER OBSERVED NORMAL DEPART LAST YEAR`S
VALUE DATE(S) VALUE FROM VALUE DATE(S)
NORMAL
................................................................
TEMPERATURE (F)
RECORD
HIGH 74 02/27/2024
LOW -22 02/05/1918
02/10/1912
HIGHEST 74R 02/27 MM MM 56 02/14
LOWEST 17 02/24 MM MM 7 02/01
AVG. MAXIMUM 48.8 34.7 14.1 42.3
AVG. MINIMUM 27.6 19.5 8.1 25.7
MEAN 38.2 27.1 11.1 34.0
DAYS MAX >= 90 0 0.0 0.0 0
DAYS MAX <= 32 2 12.5 -10.5 3
DAYS MIN <= 32 23 25.0 -2.0 23
DAYS MIN <= 0 0 1.4 -1.4 0
PRECIPITATION (INCHES)
RECORD
MAXIMUM 4.81 2008
TOTALS 0.95 1.34 -0.39 3.74
DAILY AVG. 0.03 NAN NAN 0.13
DAYS >= .01 5 9.2 -4.2 7
DAYS >= .10 3 3.6 -0.6 3
DAYS >= .50 0 0.6 -0.6 3
DAYS >= 1.00 0 0.1 -0.1 3
GREATEST
24 HR. TOTAL 0.79 02/27 TO 02/28
SNOWFALL (INCHES)
TOTALS 1.7
SINCE 7/1 25.3
SNOWDEPTH AVG. T
DAYS >= TRACE 7
DAYS >= 1.0 0
GREATEST
SNOW DEPTH MM
DEGREE DAYS
HEATING TOTAL 768 1061 -293 831
SINCE 7/1 3794 4757 -963 MM
COOLING TOTAL 0 0 0 0
SINCE 1/1 0 0 0 MM
................................................................
WIND (MPH)
AVERAGE WIND SPEED 7.6
RESULTANT WIND SPEED/DIRECTION 3/240
HIGHEST WIND SPEED/DIRECTION 30/300 DATE 02/15
30/300 02/28
HIGHEST GUST SPEED/DIRECTION 45/290 DATE 02/28
SKY COVER
POSSIBLE SUNSHINE (PERCENT) MM
AVERAGE SKY COVER 0.41
NUMBER OF DAYS FAIR 15
NUMBER OF DAYS PC 10
NUMBER OF DAYS CLOUDY 4
AVERAGE RH (PERCENT) 64
WEATHER CONDITIONS. NUMBER OF DAYS WITH
THUNDERSTORM 3 MIXED PRECIP 0
HEAVY RAIN 2 RAIN 1
LIGHT RAIN 4 FREEZING RAIN 1
LT FREEZING RAIN 1 HAIL 0
HEAVY SNOW 0 SNOW 3
LIGHT SNOW 7 SLEET 0
FOG 12 FOG W/VIS <= 1/4 MILE 1
HAZE 10
- INDICATES NEGATIVE NUMBERS.
R INDICATES RECORD WAS SET OR TIED.
MM INDICATES DATA IS MISSING.
T INDICATES TRACE AMOUNT.
$$