000
CXUS53 KGRR 011600 AAA
CLMBIV

CLIMATE REPORT...UPDATED
NATIONAL WEATHER SERVICE GRAND RAPIDS, MI
1045 AM EDT TUE MAY 1 2018

...................................

...THE HOLLAND/TULIP CITY MI CLIMATE SUMMARY FOR THE MONTH OF APRIL 2018...

CLIMATE NORMAL PERIOD 1981 TO 2010
CLIMATE RECORD PERIOD 1996 TO 2018

WEATHER         OBSERVED          NORMAL  DEPART  LAST YEAR`S
                 VALUE   DATE(S)  VALUE   FROM    VALUE  DATE(S)
                                          NORMAL
................................................................
TEMPERATURE (F)
HIGHEST            74   04/23        MM      MM       81  04/26
LOWEST             19   04/08        MM      MM       29  04/08
                        04/07                             04/02
                        04/02
AVG. MAXIMUM     47.2              58.0   -10.8     61.0
AVG. MINIMUM     31.6              38.6    -7.0     41.4
MEAN             39.4              48.3    -8.9     51.2
DAYS MAX >= 90      0               0.0     0.0        0
DAYS MAX <= 32      1               0.1     0.9        0
DAYS MIN <= 32     18               6.5    11.5        5
DAYS MIN <= 0       0               0.0     0.0        0

PRECIPITATION (INCHES)
TOTALS           2.75              3.25   -0.50     5.77
DAILY AVG.       0.09              0.11   -0.02     0.19
DAYS >= .01        13                MM      MM       15
DAYS >= .10         4                MM      MM       11
DAYS >= .50         2                MM      MM        6
DAYS >= 1.00        0                MM      MM        1
GREATEST
 24 HR. TOTAL    0.89   04/14 TO 04/14

DEGREE_DAYS
HEATING TOTAL     758               505     253      412
 SINCE 7/1       6196              5879     317     5157
COOLING TOTAL       0                 4      -4        8
 SINCE 1/1          0                 4      -4        8
.................................................................

WIND (MPH)
AVERAGE WIND SPEED              9.0
RESULTANT WIND SPEED/DIRECTION   2/323
HIGHEST WIND SPEED/DIRECTION    37/230    DATE  04/12
HIGHEST GUST SPEED/DIRECTION    46/080    DATE  04/14

SKY COVER
POSSIBLE SUNSHINE (PERCENT)   MM
AVERAGE SKY COVER           0.50
NUMBER OF DAYS FAIR           14
NUMBER OF DAYS PC              7
NUMBER OF DAYS CLOUDY          9

AVERAGE RH (PERCENT)     65

WEATHER CONDITIONS. NUMBER OF DAYS WITH
THUNDERSTORM              0     MIXED PRECIP               0
HEAVY RAIN                2     RAIN                       4
LIGHT RAIN                9     FREEZING RAIN              1
LT FREEZING RAIN          2     HAIL                       0
HEAVY SNOW                0     SNOW                       2
LIGHT SNOW                9     SLEET                      0
FOG                      12     FOG W/VIS <= 1/4 MILE      0
HAZE                      2

-  INDICATES NEGATIVE NUMBERS.
R  INDICATES RECORD WAS SET OR TIED.
MM INDICATES DATA IS MISSING.
T  INDICATES TRACE AMOUNT.

&&

APRIL 2018 WAS COLDER THAN NORMAL, WITH NEAR NORMAL PRECIPITATION,
AND GREATER THAN NORMAL SNOWFALL. MULTIPLE SYSTEMS MOVED THROUGH THE
AREA MAINLY IN THE FIRST HALF OF THE MONTH, WITH MUCH BELOW NORMAL
TEMPERATURE AIR RESULTING IN ABOVE NORMAL SNOW EARLY IN THE MONTH
AND SIGNIFICANT ICING IN MID MONTH. SOME SMALL HAIL AND SLEET ALSO
FELL DURING THE MONTH, BUT NO SEVERE WEATHER OCCURRED.

AVERAGE TEMPERATURES ACROSS SOUTHWEST LOWER MICHIGAN GENERALLY
RANGED FROM 35 TO 40 DEGREES IN APRIL. THIS IS 6 TO 10 DEGREES BELOW
NORMAL. THE AVERAGE TEMPERATURE FOR APRIL IN GRAND RAPIDS WAS THE
FOURTH COLDEST ON RECORD AT 40.1 DEGREES. LANSING AT 40.3 DEGREES
WAS TIED FOR THE 8TH COLDEST ON RECORD AND MUSKEGON AT 38.3 DEGREES
WAS THE 3RD COLDEST ON RECORD.

MEANWHILE, PRECIPITATION TOTALS RANGED FROM 2 1/2 INCHES IN THE FAR
SOUTHWEST OF LOWER MICHIGAN TO ALMOST 5 INCHES IN CENTRAL LOWER
MICHIGAN. THESE VALUES ARE LESS THAN AN INCH FROM WHAT IS NORMAL.

SNOWFALL ACCUMULATIONS RANGED FROM AROUND AN INCH IN THE SOUTH TO 15
INCHES IN CENTRAL LOWER MICHIGAN FOR APRIL 2018. THESE TOTALS RANGED
FROM AROUND NORMAL IN THE SOUTH TO OVER 10 INCHES ABOVE NORMAL IN
CENTRAL LOWER. THE 7.5 INCHES RECORDED IN MUSKEGON WAS ABOUT 5
INCHES ABOVE NORMAL AND WAS THE 3RD MOST ON RECORD. LANSING AND
GRAND RAPIDS FAILED TO BREAK INTO THEIR TOP TENS FOR SNOWFALL.

$$

63
