000
CXUS51 KILN 102109 CCA
CLMCVG

CLIMATE REPORT...CORRECTED...
NATIONAL WEATHER SERVICE WILMINGTON OH
510 PM EDT THU MAY 10 2018

...................................

...THE CINCINNATI CLIMATE SUMMARY FOR THE MONTH OF APRIL 2018...

CLIMATE NORMAL PERIOD 1981 TO 2010
CLIMATE RECORD PERIOD 1869 TO 2018

WEATHER         OBSERVED          NORMAL  DEPART  LAST YEAR`S
                 VALUE   DATE(S)  VALUE   FROM    VALUE  DATE(S)
                                          NORMAL
................................................................
TEMPERATURE (F)
RECORD
 HIGH              90   04/11/1930
                        04/24/1925
 LOW               15   04/09/1997
HIGHEST            80   04/13        64      16       82  04/20
LOWEST             25   04/08        43     -18       28  04/08
                        04/05
AVG. MAXIMUM     59.1              64.7    -5.6     71.4
AVG. MINIMUM     38.3              43.7    -5.4     50.1
MEAN             48.7              54.2    -5.5     60.8
DAYS MAX >= 90      0               0.0     0.0        0
DAYS MAX <= 32      0               0.0     0.0        0
DAYS MIN <= 32     10               3.3     6.7        1
DAYS MIN <= 0       0               0.0     0.0        0

PRECIPITATION (INCHES)
TOTALS           3.92              3.89    0.03     5.16
DAILY AVG.       0.13              0.13    0.00     0.17
DAYS >= .01        11              12.7    -1.7       14
DAYS >= .10         9               8.2     0.8        9
DAYS >= .50         2               2.7    -0.7        4
DAYS >= 1.00        0               0.8    -0.8        1
GREATEST
 24 HR. TOTAL    0.93   04/15 TO 04/15

SNOWFALL (INCHES)
TOTALS            2.5               0.5     2.0      0.0
SINCE 7/1        23.8              22.1     1.7     10.0
DAYS >= TRACE       9               0.6     8.4        0
DAYS >= 1.0         0               0.3    -0.3        0
GREATEST
 24 HR TOTAL      0.8R  04/16 TO 04/16

DEGREE_DAYS
HEATING TOTAL     487               341     146      169
 SINCE 7/1       4945              4834     111     3872
COOLING TOTAL       7                18     -11       51
 SINCE 1/1         12                18      -6       52
.................................................................

WIND (MPH)
AVERAGE WIND SPEED              10.1
RESULTANT WIND SPEED/DIRECTION   2/288
HIGHEST WIND SPEED/DIRECTION    37/290    DATE  04/03
HIGHEST GUST SPEED/DIRECTION    43/290    DATE  04/04

SKY COVER
AVERAGE SKY COVER           0.70

AVERAGE RH (PERCENT)     61


-  INDICATES NEGATIVE NUMBERS.
R  INDICATES RECORD WAS SET OR TIED.
MM INDICATES DATA IS MISSING.
T  INDICATES TRACE AMOUNT.

$$
